Last updated on 2025-10-23 11:50:31 CEST.
Flavor | Version | Tinstall | Tcheck | Ttotal | Status | Flags |
---|---|---|---|---|---|---|
r-devel-linux-x86_64-debian-clang | 1.5.2 | 13.67 | 194.62 | 208.29 | NOTE | |
r-devel-linux-x86_64-debian-gcc | 1.5.2 | 8.43 | 129.22 | 137.65 | OK | |
r-devel-linux-x86_64-fedora-clang | 1.5.2 | 37.00 | 266.74 | 303.74 | OK | |
r-devel-linux-x86_64-fedora-gcc | 1.5.2 | 31.00 | 275.77 | 306.77 | OK | |
r-devel-windows-x86_64 | 1.5.2 | 16.00 | 253.00 | 269.00 | OK | |
r-patched-linux-x86_64 | 1.5.2 | 22.12 | 181.75 | 203.87 | OK | |
r-release-linux-x86_64 | 1.5.2 | 11.68 | 181.23 | 192.91 | OK | |
r-release-macos-arm64 | 1.5.2 | 5.00 | 73.00 | 78.00 | OK | |
r-release-macos-x86_64 | 1.5.2 | 16.00 | 189.00 | 205.00 | OK | |
r-release-windows-x86_64 | 1.5.2 | 20.00 | 309.00 | 329.00 | OK | |
r-oldrel-macos-arm64 | 1.5.2 | 5.00 | 74.00 | 79.00 | OK | |
r-oldrel-macos-x86_64 | 1.5.2 | 15.00 | 194.00 | 209.00 | OK | |
r-oldrel-windows-x86_64 | 1.5.2 | 22.00 | 340.00 | 362.00 | OK |
Version: 1.5.2
Check: HTML version of manual
Result: NOTE
Found the following HTML validation problems:
td_scale_color_colorblind.html:50:1 (td_scale_color_colorblind.Rd:12): Warning: missing </ul> before </div>
td_scale_fill_colorblind.html:50:1 (td_scale_fill_colorblind.Rd:12): Warning: missing </ul> before </div>
Flavor: r-devel-linux-x86_64-debian-clang
These binaries (installable software) and packages are in development.
They may not be fully stable and should be used with caution. We make no claims about them.