CRAN Package Check Results for Package TidyDensity

Last updated on 2025-05-08 04:52:21 CEST.

Flavor Version Tinstall Tcheck Ttotal Status Flags
r-devel-linux-x86_64-debian-clang 1.5.0 14.60 165.55 180.15 NOTE
r-devel-linux-x86_64-debian-gcc 1.5.0 9.38 109.46 118.84 NOTE
r-devel-linux-x86_64-fedora-clang 1.5.0 314.85 OK
r-devel-linux-x86_64-fedora-gcc 1.5.0 277.30 OK
r-devel-windows-x86_64 1.5.0 15.00 230.00 245.00 NOTE
r-patched-linux-x86_64 1.5.0 23.38 155.22 178.60 NOTE
r-release-linux-x86_64 1.5.0 14.37 155.65 170.02 NOTE
r-release-macos-arm64 1.5.0 75.00 OK
r-release-macos-x86_64 1.5.0 180.00 OK
r-release-windows-x86_64 1.5.0 15.00 334.00 349.00 NOTE
r-oldrel-macos-arm64 1.5.0 79.00 OK
r-oldrel-macos-x86_64 1.5.0 186.00 OK
r-oldrel-windows-x86_64 1.5.0 23.00 339.00 362.00 OK

Check Details

Version: 1.5.0
Check: Rd cross-references
Result: NOTE Found the following Rd file(s) with Rd \link{} targets missing package anchors: tidy_inverse_normal.Rd: rinvgauss Please provide package anchors for all Rd \link{} targets not in the package itself and the base packages. Flavors: r-devel-linux-x86_64-debian-clang, r-devel-linux-x86_64-debian-gcc, r-devel-windows-x86_64, r-patched-linux-x86_64, r-release-linux-x86_64, r-release-windows-x86_64

These binaries (installable software) and packages are in development.
They may not be fully stable and should be used with caution. We make no claims about them.