Last updated on 2025-07-02 01:51:53 CEST.
Flavor | Version | Tinstall | Tcheck | Ttotal | Status | Flags |
---|---|---|---|---|---|---|
r-devel-linux-x86_64-debian-clang | 1.5.0 | 14.84 | 166.85 | 181.69 | NOTE | |
r-devel-linux-x86_64-debian-gcc | 1.5.0 | 9.17 | 111.90 | 121.07 | NOTE | |
r-devel-linux-x86_64-fedora-clang | 1.5.0 | 275.36 | OK | |||
r-devel-linux-x86_64-fedora-gcc | 1.5.0 | 302.19 | OK | |||
r-devel-windows-x86_64 | 1.5.0 | 16.00 | 234.00 | 250.00 | NOTE | |
r-patched-linux-x86_64 | NOTE | |||||
r-release-linux-x86_64 | 1.5.0 | 12.66 | 153.34 | 166.00 | NOTE | |
r-release-macos-arm64 | 1.5.0 | 75.00 | OK | |||
r-release-macos-x86_64 | 1.5.0 | 180.00 | OK | |||
r-release-windows-x86_64 | 1.5.0 | 18.00 | 225.00 | 243.00 | NOTE | |
r-oldrel-macos-arm64 | 1.5.0 | 79.00 | OK | |||
r-oldrel-macos-x86_64 | 1.5.0 | 186.00 | OK | |||
r-oldrel-windows-x86_64 | 1.5.0 | 21.00 | 293.00 | 314.00 | OK |
Version: 1.5.0
Check: Rd cross-references
Result: NOTE
Found the following Rd file(s) with Rd \link{} targets missing package
anchors:
tidy_inverse_normal.Rd: rinvgauss
Please provide package anchors for all Rd \link{} targets not in the
package itself and the base packages.
Flavors: r-devel-linux-x86_64-debian-clang, r-devel-linux-x86_64-debian-gcc, r-devel-windows-x86_64, r-patched-linux-x86_64, r-release-linux-x86_64, r-release-windows-x86_64
These binaries (installable software) and packages are in development.
They may not be fully stable and should be used with caution. We make no claims about them.