Last updated on 2025-02-16 10:51:01 CET.
Flavor | Version | Tinstall | Tcheck | Ttotal | Status | Flags |
---|---|---|---|---|---|---|
r-devel-linux-x86_64-debian-clang | 0.3.1 | 6.36 | 70.16 | 76.52 | NOTE | |
r-devel-linux-x86_64-debian-gcc | 0.3.1 | 5.46 | 51.30 | 56.76 | NOTE | |
r-devel-linux-x86_64-fedora-clang | 0.3.1 | 130.61 | NOTE | |||
r-devel-linux-x86_64-fedora-gcc | 0.3.1 | 121.38 | NOTE | |||
r-devel-macos-arm64 | 0.3.1 | 44.00 | NOTE | |||
r-devel-macos-x86_64 | 0.3.1 | 82.00 | NOTE | |||
r-devel-windows-x86_64 | 0.3.1 | 8.00 | 85.00 | 93.00 | NOTE | |
r-patched-linux-x86_64 | 0.3.1 | 6.65 | 66.75 | 73.40 | NOTE | |
r-release-linux-x86_64 | 0.3.1 | 5.37 | 67.82 | 73.19 | NOTE | |
r-release-macos-arm64 | 0.3.1 | 40.00 | NOTE | |||
r-release-macos-x86_64 | 0.3.1 | 63.00 | NOTE | |||
r-release-windows-x86_64 | 0.3.1 | 8.00 | 83.00 | 91.00 | NOTE | |
r-oldrel-macos-arm64 | 0.3.1 | 43.00 | OK | |||
r-oldrel-macos-x86_64 | 0.3.1 | 60.00 | OK | |||
r-oldrel-windows-x86_64 | 0.3.1 | 11.00 | 98.00 | 109.00 | OK |
Version: 0.3.1
Check: Rd files
Result: NOTE
checkRd: (-1) alcohol.Rd:16-18: Lost braces in \itemize; meant \describe ?
checkRd: (-1) alcohol.Rd:19-21: Lost braces in \itemize; meant \describe ?
checkRd: (-1) alcohol.Rd:22-26: Lost braces in \itemize; meant \describe ?
Flavors: r-devel-linux-x86_64-debian-clang, r-devel-linux-x86_64-debian-gcc, r-devel-linux-x86_64-fedora-clang, r-devel-linux-x86_64-fedora-gcc, r-devel-macos-arm64, r-devel-macos-x86_64, r-devel-windows-x86_64, r-patched-linux-x86_64, r-release-linux-x86_64, r-release-macos-arm64, r-release-macos-x86_64, r-release-windows-x86_64
These binaries (installable software) and packages are in development.
They may not be fully stable and should be used with caution. We make no claims about them.