Last updated on 2025-10-24 13:49:53 CEST.
| Flavor | Version | Tinstall | Tcheck | Ttotal | Status | Flags |
|---|---|---|---|---|---|---|
| r-devel-linux-x86_64-debian-clang | 1.1-0 | 11.00 | 80.90 | 91.90 | NOTE | |
| r-devel-linux-x86_64-debian-gcc | 1.1-0 | 8.34 | 59.57 | 67.91 | NOTE | |
| r-devel-linux-x86_64-fedora-clang | 1.1-0 | 28.00 | 112.81 | 140.81 | OK | |
| r-devel-linux-x86_64-fedora-gcc | 1.1-0 | 24.00 | 108.88 | 132.88 | OK | |
| r-devel-windows-x86_64 | 1.1-0 | 12.00 | 84.00 | 96.00 | OK | |
| r-patched-linux-x86_64 | 1.1-0 | 10.64 | 75.89 | 86.53 | OK | |
| r-release-linux-x86_64 | 1.1-0 | 11.37 | 76.01 | 87.38 | OK | |
| r-release-macos-arm64 | 1.1-0 | 5.00 | 34.00 | 39.00 | OK | |
| r-release-macos-x86_64 | 1.1-0 | 9.00 | 60.00 | 69.00 | OK | |
| r-release-windows-x86_64 | 1.1-0 | 13.00 | 87.00 | 100.00 | OK | |
| r-oldrel-macos-arm64 | 1.1-0 | 4.00 | 31.00 | 35.00 | OK | |
| r-oldrel-macos-x86_64 | 1.1-0 | 6.00 | 46.00 | 52.00 | OK | |
| r-oldrel-windows-x86_64 | 1.1-0 | 17.00 | 111.00 | 128.00 | OK |
Version: 1.1-0
Check: CRAN incoming feasibility
Result: NOTE
Maintainer: ‘Camilo Khatchikian <ckhatchikian@gmail.com>’
No Authors@R field in DESCRIPTION.
Please add one, modifying
Authors@R: c(person(given = "Adrien",
family = "Rieux",
role = "aut"),
person(given = "Camilo",
family = "Khatchikian",
role = c("aut", "cre"),
email = "ckhatchikian@gmail.com"))
as necessary.
Flavors: r-devel-linux-x86_64-debian-clang, r-devel-linux-x86_64-debian-gcc
These binaries (installable software) and packages are in development.
They may not be fully stable and should be used with caution. We make no claims about them.