CRAN Package Check Results for Package TmCalculator

Last updated on 2025-10-09 23:51:30 CEST.

Flavor Version Tinstall Tcheck Ttotal Status Flags
r-devel-linux-x86_64-debian-clang 1.0.3 2.62 22.03 24.65 NOTE
r-devel-linux-x86_64-debian-gcc 1.0.3 1.83 17.34 19.17 NOTE
r-devel-linux-x86_64-fedora-clang 1.0.3 37.43 OK
r-devel-linux-x86_64-fedora-gcc 1.0.3 34.69 OK
r-devel-windows-x86_64 1.0.3 4.00 40.00 44.00 OK
r-patched-linux-x86_64 1.0.3 2.49 20.93 23.42 OK
r-release-linux-x86_64 1.0.3 2.74 20.88 23.62 OK
r-release-macos-arm64 1.0.3 15.00 OK
r-release-macos-x86_64 1.0.3 24.00 OK
r-release-windows-x86_64 1.0.3 5.00 50.00 55.00 OK
r-oldrel-macos-arm64 1.0.3 15.00 OK
r-oldrel-macos-x86_64 1.0.3 20.00 OK
r-oldrel-windows-x86_64 1.0.3 3.00 41.00 44.00 OK

Check Details

Version: 1.0.3
Check: CRAN incoming feasibility
Result: NOTE Maintainer: ‘Junhui Li <junhuili@cau.edu.cn>’ No Authors@R field in DESCRIPTION. Please add one, modifying Authors@R: person(given = "Junhui", family = "Li", role = c("aut", "cre"), email = "junhuili@cau.edu.cn") as necessary. Flavors: r-devel-linux-x86_64-debian-clang, r-devel-linux-x86_64-debian-gcc

These binaries (installable software) and packages are in development.
They may not be fully stable and should be used with caution. We make no claims about them.