Last updated on 2025-02-16 10:51:02 CET.
Flavor | Version | Tinstall | Tcheck | Ttotal | Status | Flags |
---|---|---|---|---|---|---|
r-devel-linux-x86_64-debian-clang | 0.10.1 | 5.41 | 71.51 | 76.92 | NOTE | |
r-devel-linux-x86_64-debian-gcc | 0.10.1 | 4.16 | 49.57 | 53.73 | NOTE | |
r-devel-linux-x86_64-fedora-clang | 0.10.1 | 134.47 | NOTE | |||
r-devel-linux-x86_64-fedora-gcc | 0.10.1 | 115.62 | NOTE | |||
r-devel-macos-arm64 | 0.10.1 | 37.00 | NOTE | |||
r-devel-macos-x86_64 | 0.10.1 | 77.00 | NOTE | |||
r-devel-windows-x86_64 | 0.10.1 | 7.00 | 88.00 | 95.00 | NOTE | |
r-patched-linux-x86_64 | 0.10.1 | 6.34 | 65.88 | 72.22 | NOTE | |
r-release-linux-x86_64 | 0.10.1 | 5.80 | 66.72 | 72.52 | NOTE | |
r-release-macos-arm64 | 0.10.1 | 35.00 | NOTE | |||
r-release-macos-x86_64 | 0.10.1 | 57.00 | NOTE | |||
r-release-windows-x86_64 | 0.10.1 | 8.00 | 88.00 | 96.00 | NOTE | |
r-oldrel-macos-arm64 | 0.10.1 | 41.00 | OK | |||
r-oldrel-macos-x86_64 | 0.10.1 | 62.00 | OK | |||
r-oldrel-windows-x86_64 | 0.10.1 | 10.00 | 100.00 | 110.00 | OK |
Version: 0.10.1
Check: Rd files
Result: NOTE
checkRd: (-1) TopDom.Rd:21: Lost braces; missing escapes or markup?
21 | Recommended range is in {5, ..., 20}.}
| ^
Flavors: r-devel-linux-x86_64-debian-clang, r-devel-linux-x86_64-debian-gcc, r-devel-linux-x86_64-fedora-clang, r-devel-linux-x86_64-fedora-gcc, r-devel-macos-arm64, r-devel-macos-x86_64, r-devel-windows-x86_64, r-patched-linux-x86_64, r-release-linux-x86_64, r-release-macos-arm64, r-release-macos-x86_64, r-release-windows-x86_64
These binaries (installable software) and packages are in development.
They may not be fully stable and should be used with caution. We make no claims about them.