Last updated on 2025-02-19 16:51:07 CET.
Flavor | Version | Tinstall | Tcheck | Ttotal | Status | Flags |
---|---|---|---|---|---|---|
r-devel-linux-x86_64-debian-clang | 1.0 | 9.48 | 86.12 | 95.60 | OK | |
r-devel-linux-x86_64-debian-gcc | 1.0 | 7.22 | 63.36 | 70.58 | OK | |
r-devel-linux-x86_64-fedora-clang | 1.0 | 157.54 | OK | |||
r-devel-linux-x86_64-fedora-gcc | 1.0 | 156.01 | OK | |||
r-devel-macos-arm64 | 1.0 | 48.00 | OK | |||
r-devel-macos-x86_64 | 1.0 | 103.00 | OK | |||
r-devel-windows-x86_64 | 1.0 | 11.00 | 96.00 | 107.00 | OK | |
r-patched-linux-x86_64 | 1.0 | 9.05 | 81.28 | 90.33 | NOTE | |
r-release-linux-x86_64 | 1.0 | 8.52 | 79.90 | 88.42 | NOTE | |
r-release-macos-arm64 | 1.0 | 50.00 | NOTE | |||
r-release-macos-x86_64 | 1.0 | 71.00 | NOTE | |||
r-release-windows-x86_64 | 1.0 | 10.00 | 96.00 | 106.00 | NOTE | |
r-oldrel-macos-arm64 | 1.0 | 44.00 | NOTE | |||
r-oldrel-macos-x86_64 | 1.0 | 119.00 | NOTE | |||
r-oldrel-windows-x86_64 | 1.0 | 14.00 | 147.00 | 161.00 | NOTE |
Version: 1.0
Check: package dependencies
Result: NOTE
Package suggested but not available for checking: ‘gurobi’
Flavors: r-patched-linux-x86_64, r-release-linux-x86_64, r-release-macos-arm64, r-release-macos-x86_64, r-release-windows-x86_64, r-oldrel-macos-arm64, r-oldrel-macos-x86_64, r-oldrel-windows-x86_64
These binaries (installable software) and packages are in development.
They may not be fully stable and should be used with caution. We make no claims about them.