Last updated on 2025-10-03 03:51:02 CEST.
Flavor | Version | Tinstall | Tcheck | Ttotal | Status | Flags |
---|---|---|---|---|---|---|
r-devel-linux-x86_64-debian-clang | 1.0 | 8.51 | 100.57 | 109.08 | OK | |
r-devel-linux-x86_64-debian-gcc | 1.0 | 7.32 | 73.61 | 80.93 | OK | |
r-devel-linux-x86_64-fedora-clang | 1.0 | 170.73 | OK | |||
r-devel-linux-x86_64-fedora-gcc | 1.0 | 175.71 | OK | |||
r-devel-windows-x86_64 | 1.0 | 13.00 | 101.00 | 114.00 | OK | |
r-patched-linux-x86_64 | 1.0 | 9.75 | 93.99 | 103.74 | OK | |
r-release-linux-x86_64 | 1.0 | 9.51 | 95.39 | 104.90 | OK | |
r-release-macos-arm64 | 1.0 | 48.00 | OK | |||
r-release-macos-x86_64 | 1.0 | 91.00 | OK | |||
r-release-windows-x86_64 | 1.0 | 12.00 | 103.00 | 115.00 | OK | |
r-oldrel-macos-arm64 | 1.0 | 50.00 | NOTE | |||
r-oldrel-macos-x86_64 | 1.0 | 71.00 | NOTE | |||
r-oldrel-windows-x86_64 | 1.0 | 15.00 | 130.00 | 145.00 | NOTE |
Version: 1.0
Check: package dependencies
Result: NOTE
Package suggested but not available for checking: ‘gurobi’
Flavors: r-oldrel-macos-arm64, r-oldrel-macos-x86_64, r-oldrel-windows-x86_64
These binaries (installable software) and packages are in development.
They may not be fully stable and should be used with caution. We make no claims about them.