CRAN Package Check Results for Package TotalCopheneticIndex

Last updated on 2025-05-08 04:52:21 CEST.

Flavor Version Tinstall Tcheck Ttotal Status Flags
r-devel-linux-x86_64-debian-clang 2.0.1 5.18 43.34 48.52 NOTE
r-devel-linux-x86_64-debian-gcc 2.0.1 3.54 33.42 36.96 NOTE
r-devel-linux-x86_64-fedora-clang 2.0.1 72.98 OK
r-devel-linux-x86_64-fedora-gcc 2.0.1 70.17 OK
r-devel-windows-x86_64 2.0.1 6.00 59.00 65.00 OK
r-patched-linux-x86_64 2.0.1 4.59 41.26 45.85 OK
r-release-linux-x86_64 2.0.1 4.71 40.80 45.51 OK
r-release-macos-arm64 2.0.1 31.00 OK
r-release-macos-x86_64 2.0.1 46.00 OK
r-release-windows-x86_64 2.0.1 6.00 60.00 66.00 OK
r-oldrel-macos-arm64 2.0.1 27.00 OK
r-oldrel-macos-x86_64 2.0.1 36.00 OK
r-oldrel-windows-x86_64 2.0.1 8.00 168.00 176.00 OK

Check Details

Version: 2.0.1
Check: CRAN incoming feasibility
Result: NOTE Maintainer: ‘Martin R. Smith <martin.smith@durham.ac.uk>’ Package CITATION file contains call(s) to old-style personList() or as.personList(). Please use c() on person objects instead. Package CITATION file contains call(s) to old-style citEntry(). Please use bibentry() instead. Flavors: r-devel-linux-x86_64-debian-clang, r-devel-linux-x86_64-debian-gcc

These binaries (installable software) and packages are in development.
They may not be fully stable and should be used with caution. We make no claims about them.