CRAN Package Check Results for Package ToxCrit

Last updated on 2025-05-08 04:52:21 CEST.

Flavor Version Tinstall Tcheck Ttotal Status Flags
r-devel-linux-x86_64-debian-clang 1.0 1.63 18.74 20.37 NOTE
r-devel-linux-x86_64-debian-gcc 1.0 1.34 15.15 16.49 NOTE
r-devel-linux-x86_64-fedora-clang 1.0 32.92 NOTE
r-devel-linux-x86_64-fedora-gcc 1.0 31.03 NOTE
r-devel-windows-x86_64 1.0 3.00 36.00 39.00 NOTE
r-patched-linux-x86_64 1.0 1.59 18.14 19.73 NOTE
r-release-linux-x86_64 1.0 1.56 18.04 19.60 NOTE
r-release-macos-arm64 1.0 17.00 NOTE
r-release-macos-x86_64 1.0 24.00 NOTE
r-release-windows-x86_64 1.0 2.00 37.00 39.00 NOTE
r-oldrel-macos-arm64 1.0 15.00 NOTE
r-oldrel-macos-x86_64 1.0 19.00 NOTE
r-oldrel-windows-x86_64 1.0 2.00 37.00 39.00 NOTE

Check Details

Version: 1.0
Check: package subdirectories
Result: NOTE Problems with news in ‘NEWS.md’: No news entries found. Flavors: r-devel-linux-x86_64-debian-clang, r-devel-linux-x86_64-debian-gcc, r-devel-linux-x86_64-fedora-clang, r-devel-linux-x86_64-fedora-gcc, r-devel-windows-x86_64, r-patched-linux-x86_64, r-release-linux-x86_64, r-release-macos-arm64, r-release-macos-x86_64, r-release-windows-x86_64, r-oldrel-macos-arm64, r-oldrel-macos-x86_64, r-oldrel-windows-x86_64

These binaries (installable software) and packages are in development.
They may not be fully stable and should be used with caution. We make no claims about them.