Last updated on 2025-10-25 01:51:20 CEST.
| Flavor | Version | Tinstall | Tcheck | Ttotal | Status | Flags |
|---|---|---|---|---|---|---|
| r-devel-linux-x86_64-debian-clang | 1.2.1 | 11.46 | 243.48 | 254.94 | NOTE | |
| r-devel-linux-x86_64-debian-gcc | 1.2.1 | 6.82 | 165.63 | 172.45 | NOTE | |
| r-devel-linux-x86_64-fedora-clang | 1.2.1 | 26.00 | 361.92 | 387.92 | NOTE | |
| r-devel-linux-x86_64-fedora-gcc | 1.2.1 | 20.00 | 370.98 | 390.98 | NOTE | |
| r-devel-windows-x86_64 | 1.2.1 | 14.00 | 231.00 | 245.00 | NOTE | |
| r-patched-linux-x86_64 | 1.2.1 | 13.21 | 233.60 | 246.81 | NOTE | |
| r-release-linux-x86_64 | 1.2.1 | 10.66 | 231.73 | 242.39 | NOTE | |
| r-release-macos-arm64 | 1.2.1 | 5.00 | 121.00 | 126.00 | NOTE | |
| r-release-macos-x86_64 | 1.2.1 | 10.00 | 249.00 | 259.00 | NOTE | |
| r-release-windows-x86_64 | 1.2.1 | 14.00 | 273.00 | 287.00 | NOTE | |
| r-oldrel-macos-arm64 | 1.2.1 | 5.00 | 115.00 | 120.00 | OK | |
| r-oldrel-macos-x86_64 | 1.2.1 | 8.00 | 296.00 | 304.00 | OK | |
| r-oldrel-windows-x86_64 | 1.2.1 | 18.00 | 315.00 | 333.00 | OK |
Version: 1.2.1
Check: DESCRIPTION meta-information
Result: NOTE
Missing dependency on R >= 4.1.0 because package code uses the pipe
|> or function shorthand \(...) syntax added in R 4.1.0.
File(s) using such syntax:
‘replace_leading_whitespace.R’
Flavors: r-devel-linux-x86_64-debian-clang, r-devel-linux-x86_64-debian-gcc, r-devel-linux-x86_64-fedora-clang, r-devel-linux-x86_64-fedora-gcc, r-devel-windows-x86_64, r-patched-linux-x86_64, r-release-linux-x86_64, r-release-macos-arm64, r-release-macos-x86_64, r-release-windows-x86_64
These binaries (installable software) and packages are in development.
They may not be fully stable and should be used with caution. We make no claims about them.