Last updated on 2025-02-16 12:53:56 CET.
Flavor | Version | Tinstall | Tcheck | Ttotal | Status | Flags |
---|---|---|---|---|---|---|
r-devel-linux-x86_64-debian-clang | 1.2.1 | 11.40 | 239.33 | 250.73 | NOTE | |
r-devel-linux-x86_64-debian-gcc | 1.2.1 | 6.85 | 167.05 | 173.90 | NOTE | |
r-devel-linux-x86_64-fedora-clang | 1.2.1 | 423.78 | NOTE | |||
r-devel-linux-x86_64-fedora-gcc | 1.2.1 | 377.80 | NOTE | |||
r-devel-macos-arm64 | 1.2.1 | 135.00 | OK | |||
r-devel-macos-x86_64 | 1.2.1 | 259.00 | NOTE | |||
r-devel-windows-x86_64 | 1.2.1 | 13.00 | 232.00 | 245.00 | NOTE | |
r-patched-linux-x86_64 | 1.2.1 | 12.63 | 220.58 | 233.21 | OK | |
r-release-linux-x86_64 | 1.2.1 | 11.77 | 224.05 | 235.82 | OK | |
r-release-macos-arm64 | 1.2.1 | 120.00 | OK | |||
r-release-macos-x86_64 | 1.2.1 | 304.00 | OK | |||
r-release-windows-x86_64 | 1.2.1 | 12.00 | 228.00 | 240.00 | OK | |
r-oldrel-macos-arm64 | 1.2.1 | 119.00 | OK | |||
r-oldrel-macos-x86_64 | 1.2.1 | 269.00 | OK | |||
r-oldrel-windows-x86_64 | 1.2.1 | 16.00 | 355.00 | 371.00 | OK |
Version: 1.2.1
Check: DESCRIPTION meta-information
Result: NOTE
Missing dependency on R >= 4.1.0 because package code uses the pipe
|> or function shorthand \(...) syntax added in R 4.1.0.
File(s) using such syntax:
‘replace_leading_whitespace.R’
Flavors: r-devel-linux-x86_64-debian-clang, r-devel-linux-x86_64-debian-gcc, r-devel-linux-x86_64-fedora-clang, r-devel-linux-x86_64-fedora-gcc, r-devel-macos-x86_64, r-devel-windows-x86_64
These binaries (installable software) and packages are in development.
They may not be fully stable and should be used with caution. We make no claims about them.