CRAN Package Check Results for Package TraceAssist

Last updated on 2025-02-23 13:51:28 CET.

Flavor Version Tinstall Tcheck Ttotal Status Flags
r-devel-linux-x86_64-debian-clang 0.1.0 7.69 64.96 72.65 OK
r-devel-linux-x86_64-debian-gcc 0.1.0 6.41 48.45 54.86 OK
r-devel-linux-x86_64-fedora-clang 0.1.0 121.84 NOTE
r-devel-linux-x86_64-fedora-gcc 0.1.0 109.83 NOTE
r-devel-macos-arm64 0.1.0 35.00 OK
r-devel-macos-x86_64 0.1.0 69.00 OK
r-devel-windows-x86_64 0.1.0 11.00 77.00 88.00 OK
r-patched-linux-x86_64 0.1.0 7.46 62.62 70.08 OK
r-release-linux-x86_64 0.1.0 7.33 63.04 70.37 OK
r-release-macos-arm64 0.1.0 38.00 OK
r-release-macos-x86_64 0.1.0 53.00 OK
r-release-windows-x86_64 0.1.0 10.00 82.00 92.00 OK
r-oldrel-macos-arm64 0.1.0 39.00 OK
r-oldrel-macos-x86_64 0.1.0 59.00 OK
r-oldrel-windows-x86_64 0.1.0 12.00 97.00 109.00 OK

Check Details

Version: 0.1.0
Check: dependencies in R code
Result: NOTE Namespace in Imports field not imported from: ‘Matrix’ All declared Imports should be used. Flavors: r-devel-linux-x86_64-fedora-clang, r-devel-linux-x86_64-fedora-gcc

These binaries (installable software) and packages are in development.
They may not be fully stable and should be used with caution. We make no claims about them.