Last updated on 2025-11-12 19:52:07 CET.
| Flavor | Version | Tinstall | Tcheck | Ttotal | Status | Flags |
|---|---|---|---|---|---|---|
| r-devel-linux-x86_64-debian-clang | 1.0.1 | 8.51 | 80.14 | 88.65 | NOTE | |
| r-devel-linux-x86_64-debian-gcc | 1.1.0 | 6.30 | 50.45 | 56.75 | OK | |
| r-devel-linux-x86_64-fedora-clang | 1.1.0 | 35.00 | 81.70 | 116.70 | OK | |
| r-devel-linux-x86_64-fedora-gcc | 1.1.0 | 35.00 | 82.26 | 117.26 | OK | |
| r-devel-windows-x86_64 | 1.0.1 | 12.00 | 85.00 | 97.00 | OK | |
| r-patched-linux-x86_64 | 1.0.1 | 8.75 | 75.44 | 84.19 | OK | |
| r-release-linux-x86_64 | 1.0.1 | 9.14 | 76.37 | 85.51 | OK | |
| r-release-macos-arm64 | 1.1.0 | 4.00 | 30.00 | 34.00 | OK | |
| r-release-macos-x86_64 | 1.1.0 | 9.00 | 61.00 | 70.00 | OK | |
| r-release-windows-x86_64 | 1.1.0 | 16.00 | 75.00 | 91.00 | OK | |
| r-oldrel-macos-arm64 | 1.1.0 | 4.00 | 36.00 | 40.00 | OK | |
| r-oldrel-macos-x86_64 | 1.1.0 | 7.00 | 64.00 | 71.00 | OK | |
| r-oldrel-windows-x86_64 | 1.0.1 | 14.00 | 109.00 | 123.00 | OK |
Version: 1.0.1
Check: CRAN incoming feasibility
Result: NOTE
Maintainer: ‘Mingyang Ren <renmingyang17@mails.ucas.ac.cn>’
The Description field contains
M., Zhen Y., and Wang J. (2022) <arXiv:2211.09391> "Transfer learning
<arXiv:2310.10239> "Structural transfer learning of non-Gaussian DAG".
Please refer to arXiv e-prints via their arXiv DOI <doi:10.48550/arXiv.YYMM.NNNNN>.
Flavor: r-devel-linux-x86_64-debian-clang
These binaries (installable software) and packages are in development.
They may not be fully stable and should be used with caution. We make no claims about them.