CRAN Package Check Results for Package TransModel

Last updated on 2025-07-26 07:50:37 CEST.

Flavor Version Tinstall Tcheck Ttotal Status Flags
r-devel-linux-x86_64-debian-clang 2.3 7.13 55.26 62.39 NOTE
r-devel-linux-x86_64-debian-gcc 2.3 5.52 41.41 46.93 NOTE
r-devel-linux-x86_64-fedora-clang 2.3 93.01 OK
r-devel-linux-x86_64-fedora-gcc 2.3 89.27 OK
r-devel-windows-x86_64 2.3 8.00 80.00 88.00 OK
r-patched-linux-x86_64 2.3 6.24 53.96 60.20 OK
r-release-linux-x86_64 2.3 6.49 52.39 58.88 OK
r-release-macos-arm64 2.3 34.00 OK
r-release-macos-x86_64 2.3 67.00 OK
r-release-windows-x86_64 2.3 7.00 75.00 82.00 OK
r-oldrel-macos-arm64 2.3 31.00 OK
r-oldrel-macos-x86_64 2.3 47.00 OK
r-oldrel-windows-x86_64 2.3 10.00 81.00 91.00 OK

Check Details

Version: 2.3
Check: CRAN incoming feasibility
Result: NOTE Maintainer: ‘Jie Zhou <zhoujie02569@gmail.com>’ No Authors@R field in DESCRIPTION. Please add one, modifying Authors@R: c(person(given = "Jie", family = "Zhou", role = c("aut", "cre"), email = "zhoujie02569@gmail.com"), person(given = "Jiajia", family = "Zhang", role = "aut"), person(given = "Wenbin", family = "Lu", role = "aut")) as necessary. Flavors: r-devel-linux-x86_64-debian-clang, r-devel-linux-x86_64-debian-gcc

These binaries (installable software) and packages are in development.
They may not be fully stable and should be used with caution. We make no claims about them.