CRAN Package Check Results for Package TransP

Last updated on 2025-05-08 04:52:21 CEST.

Flavor Version Tinstall Tcheck Ttotal Status Flags
r-devel-linux-x86_64-debian-clang 0.1 1.75 17.55 19.30 NOTE
r-devel-linux-x86_64-debian-gcc 0.1 1.44 14.58 16.02 NOTE
r-devel-linux-x86_64-fedora-clang 0.1 29.49 OK
r-devel-linux-x86_64-fedora-gcc 0.1 28.15 OK
r-devel-windows-x86_64 0.1 2.00 41.00 43.00 OK
r-patched-linux-x86_64 0.1 1.64 16.71 18.35 OK
r-release-linux-x86_64 0.1 1.65 16.51 18.16 OK
r-release-macos-arm64 0.1 17.00 OK
r-release-macos-x86_64 0.1 23.00 OK
r-release-windows-x86_64 0.1 2.00 41.00 43.00 OK
r-oldrel-macos-arm64 0.1 23.00 OK
r-oldrel-macos-x86_64 0.1 19.00 OK
r-oldrel-windows-x86_64 0.1 2.00 41.00 43.00 OK

Check Details

Version: 0.1
Check: CRAN incoming feasibility
Result: NOTE Maintainer: ‘Somenath Sit <somenath.bhu.2010@gmail.com>’ No Authors@R field in DESCRIPTION. Please add one, modifying Authors@R: person(given = "Somenath", family = "Sit", role = c("aut", "cre"), email = "somenath.bhu.2010@gmail.com") as necessary. Flavors: r-devel-linux-x86_64-debian-clang, r-devel-linux-x86_64-debian-gcc

These binaries (installable software) and packages are in development.
They may not be fully stable and should be used with caution. We make no claims about them.