Last updated on 2025-11-16 03:50:16 CET.
| Flavor | Version | Tinstall | Tcheck | Ttotal | Status | Flags |
|---|---|---|---|---|---|---|
| r-devel-linux-x86_64-debian-clang | 1.4.5 | 19.95 | 109.77 | 129.72 | NOTE | |
| r-devel-linux-x86_64-debian-gcc | 1.4.5 | 14.57 | 87.19 | 101.76 | NOTE | |
| r-devel-linux-x86_64-fedora-clang | 1.4.5 | 43.00 | 165.88 | 208.88 | NOTE | |
| r-devel-linux-x86_64-fedora-gcc | 1.4.5 | 53.00 | 171.84 | 224.84 | NOTE | |
| r-devel-windows-x86_64 | 1.4.5 | 29.00 | 140.00 | 169.00 | NOTE | |
| r-patched-linux-x86_64 | 1.4.5 | 22.41 | 105.07 | 127.48 | NOTE | |
| r-release-linux-x86_64 | 1.4.5 | 20.56 | 105.86 | 126.42 | NOTE | |
| r-release-macos-arm64 | 1.4.5 | 9.00 | 69.00 | 78.00 | NOTE | |
| r-release-macos-x86_64 | 1.4.5 | 14.00 | 156.00 | 170.00 | NOTE | |
| r-release-windows-x86_64 | 1.4.5 | 25.00 | 139.00 | 164.00 | NOTE | |
| r-oldrel-macos-arm64 | 1.4.5 | 10.00 | 60.00 | 70.00 | NOTE | |
| r-oldrel-macos-x86_64 | 1.4.5 | 13.00 | 91.00 | 104.00 | NOTE | |
| r-oldrel-windows-x86_64 | 1.4.5 | 32.00 | 181.00 | 213.00 | NOTE |
Version: 1.4.5
Check: CRAN incoming feasibility
Result: NOTE
Maintainer: ‘Xavier Didelot <xavier.didelot@gmail.com>’
Package CITATION file contains call(s) to old-style citEntry(). Please
use bibentry() instead.
Flavors: r-devel-linux-x86_64-debian-clang, r-devel-linux-x86_64-debian-gcc
Version: 1.4.5
Check: C++ specification
Result: NOTE
Specified C++11: please drop specification unless essential
Flavors: r-devel-linux-x86_64-debian-clang, r-devel-linux-x86_64-debian-gcc, r-devel-linux-x86_64-fedora-clang, r-devel-linux-x86_64-fedora-gcc, r-devel-windows-x86_64, r-patched-linux-x86_64, r-release-linux-x86_64, r-release-macos-arm64, r-release-macos-x86_64, r-release-windows-x86_64, r-oldrel-macos-arm64, r-oldrel-macos-x86_64, r-oldrel-windows-x86_64
These binaries (installable software) and packages are in development.
They may not be fully stable and should be used with caution. We make no claims about them.