Last updated on 2025-10-03 13:49:51 CEST.
Flavor | Version | Tinstall | Tcheck | Ttotal | Status | Flags |
---|---|---|---|---|---|---|
r-devel-linux-x86_64-debian-clang | 1.4.5 | 18.55 | 109.16 | 127.71 | NOTE | |
r-devel-linux-x86_64-debian-gcc | 1.4.5 | 15.74 | 86.68 | 102.42 | NOTE | |
r-devel-linux-x86_64-fedora-clang | 1.4.5 | 208.04 | NOTE | |||
r-devel-linux-x86_64-fedora-gcc | 1.4.5 | 214.20 | NOTE | |||
r-devel-windows-x86_64 | 1.4.5 | 25.00 | 146.00 | 171.00 | NOTE | |
r-patched-linux-x86_64 | 1.4.5 | 19.99 | 104.33 | 124.32 | NOTE | |
r-release-linux-x86_64 | 1.4.5 | 19.40 | 106.00 | 125.40 | NOTE | |
r-release-macos-arm64 | 1.4.5 | 78.00 | NOTE | |||
r-release-macos-x86_64 | 1.4.5 | 170.00 | NOTE | |||
r-release-windows-x86_64 | 1.4.5 | 24.00 | 145.00 | 169.00 | NOTE | |
r-oldrel-macos-arm64 | 1.4.5 | 70.00 | NOTE | |||
r-oldrel-macos-x86_64 | 1.4.5 | 104.00 | NOTE | |||
r-oldrel-windows-x86_64 | 1.4.5 | 30.00 | 181.00 | 211.00 | NOTE |
Version: 1.4.5
Check: CRAN incoming feasibility
Result: NOTE
Maintainer: ‘Xavier Didelot <xavier.didelot@gmail.com>’
Package CITATION file contains call(s) to old-style citEntry(). Please
use bibentry() instead.
Flavors: r-devel-linux-x86_64-debian-clang, r-devel-linux-x86_64-debian-gcc
Version: 1.4.5
Check: C++ specification
Result: NOTE
Specified C++11: please drop specification unless essential
Flavors: r-devel-linux-x86_64-debian-clang, r-devel-linux-x86_64-debian-gcc, r-devel-linux-x86_64-fedora-clang, r-devel-linux-x86_64-fedora-gcc, r-devel-windows-x86_64, r-patched-linux-x86_64, r-release-linux-x86_64, r-release-macos-arm64, r-release-macos-x86_64, r-release-windows-x86_64, r-oldrel-macos-arm64, r-oldrel-macos-x86_64, r-oldrel-windows-x86_64
These binaries (installable software) and packages are in development.
They may not be fully stable and should be used with caution. We make no claims about them.