Last updated on 2025-02-23 01:51:57 CET.
Flavor | Version | Tinstall | Tcheck | Ttotal | Status | Flags |
---|---|---|---|---|---|---|
r-devel-linux-x86_64-debian-clang | 1.4.5 | 18.97 | 107.82 | 126.79 | NOTE | |
r-devel-linux-x86_64-debian-gcc | 1.4.5 | 15.41 | 83.82 | 99.23 | NOTE | |
r-devel-linux-x86_64-fedora-clang | 1.4.5 | 216.75 | NOTE | |||
r-devel-linux-x86_64-fedora-gcc | 1.4.5 | 218.02 | NOTE | |||
r-devel-macos-arm64 | 1.4.5 | 75.00 | NOTE | |||
r-devel-macos-x86_64 | 1.4.5 | 175.00 | NOTE | |||
r-devel-windows-x86_64 | 1.4.5 | 22.00 | 146.00 | 168.00 | NOTE | |
r-patched-linux-x86_64 | 1.4.5 | 21.24 | 103.50 | 124.74 | NOTE | |
r-release-linux-x86_64 | 1.4.5 | 20.04 | 102.74 | 122.78 | NOTE | |
r-release-macos-arm64 | 1.4.5 | 70.00 | NOTE | |||
r-release-macos-x86_64 | 1.4.5 | 104.00 | NOTE | |||
r-release-windows-x86_64 | 1.4.5 | 23.00 | 141.00 | 164.00 | NOTE | |
r-oldrel-macos-arm64 | 1.4.5 | 90.00 | NOTE | |||
r-oldrel-macos-x86_64 | 1.4.5 | 149.00 | NOTE | |||
r-oldrel-windows-x86_64 | 1.4.5 | 29.00 | 176.00 | 205.00 | NOTE |
Version: 1.4.5
Check: C++ specification
Result: NOTE
Specified C++11: please drop specification unless essential
Flavors: r-devel-linux-x86_64-debian-clang, r-devel-linux-x86_64-debian-gcc, r-devel-linux-x86_64-fedora-clang, r-devel-linux-x86_64-fedora-gcc, r-devel-macos-arm64, r-devel-macos-x86_64, r-devel-windows-x86_64, r-patched-linux-x86_64, r-release-linux-x86_64, r-release-macos-arm64, r-release-macos-x86_64, r-release-windows-x86_64, r-oldrel-macos-arm64, r-oldrel-macos-x86_64, r-oldrel-windows-x86_64
These binaries (installable software) and packages are in development.
They may not be fully stable and should be used with caution. We make no claims about them.