Last updated on 2025-05-01 14:49:25 CEST.
Flavor | Version | Tinstall | Tcheck | Ttotal | Status | Flags |
---|---|---|---|---|---|---|
r-devel-linux-x86_64-debian-clang | 1.0.3 | 53.78 | 447.25 | 501.03 | NOTE | |
r-devel-linux-x86_64-debian-gcc | 1.0.3 | 36.21 | 331.89 | 368.10 | OK | |
r-devel-linux-x86_64-fedora-clang | 1.0.3 | 852.23 | OK | |||
r-devel-linux-x86_64-fedora-gcc | 1.0.3 | 785.56 | OK | |||
r-devel-windows-x86_64 | 1.0.3 | 56.00 | 438.00 | 494.00 | OK | |
r-patched-linux-x86_64 | 1.0.3 | 49.54 | 417.92 | 467.46 | OK | |
r-release-linux-x86_64 | OK | |||||
r-release-macos-arm64 | 1.0.3 | 207.00 | OK | |||
r-release-macos-x86_64 | 1.0.3 | 231.00 | OK | |||
r-release-windows-x86_64 | 1.0.3 | 56.00 | 441.00 | 497.00 | OK | |
r-oldrel-macos-arm64 | 1.0.3 | 149.00 | OK | |||
r-oldrel-macos-x86_64 | 1.0.3 | 255.00 | NOTE | |||
r-oldrel-windows-x86_64 | 1.0.3 | 70.00 | 701.00 | 771.00 | OK |
Version: 1.0.3
Check: examples
Result: NOTE
Examples with CPU (user + system) or elapsed time > 5s
user system elapsed
DESeq2_analyze 7.081 0.299 7.713
Flavor: r-devel-linux-x86_64-debian-clang
Version: 1.0.3
Check: examples
Result: NA
user system elapsed
DESeq2_analyze 4.154 0.225 5.442
OK
Flavor: r-devel-linux-x86_64-debian-gcc
Version: 1.0.3
Check: package dependencies
Result: NOTE
Package suggested but not available for checking: ‘ggtreeExtra’
Flavor: r-oldrel-macos-x86_64
These binaries (installable software) and packages are in development.
They may not be fully stable and should be used with caution. We make no claims about them.