Last updated on 2025-07-27 03:50:24 CEST.
Flavor | Version | Tinstall | Tcheck | Ttotal | Status | Flags |
---|---|---|---|---|---|---|
r-devel-linux-x86_64-debian-clang | 2.1.1 | 13.52 | 100.68 | 114.20 | NOTE | |
r-devel-linux-x86_64-debian-gcc | 2.1.1 | 10.44 | 71.60 | 82.04 | NOTE | |
r-devel-linux-x86_64-fedora-clang | 2.1.1 | 174.44 | NOTE | |||
r-devel-linux-x86_64-fedora-gcc | 2.1.1 | 166.74 | NOTE | |||
r-devel-windows-x86_64 | 2.1.1 | 16.00 | 116.00 | 132.00 | NOTE | |
r-patched-linux-x86_64 | 2.1.1 | 12.89 | 94.72 | 107.61 | NOTE | |
r-release-linux-x86_64 | 2.1.1 | 12.41 | 95.36 | 107.77 | NOTE | |
r-release-macos-arm64 | 2.1.1 | 47.00 | NOTE | |||
r-release-macos-x86_64 | 2.1.1 | 89.00 | NOTE | |||
r-release-windows-x86_64 | 2.1.1 | 16.00 | 102.00 | 118.00 | NOTE | |
r-oldrel-macos-arm64 | 2.1.1 | 46.00 | NOTE | |||
r-oldrel-macos-x86_64 | 2.1.1 | 73.00 | NOTE | |||
r-oldrel-windows-x86_64 | 2.1.1 | 19.00 | 129.00 | 148.00 | NOTE |
Version: 2.1.1
Check: CRAN incoming feasibility
Result: NOTE
Maintainer: ‘Marshall Brown <mdbrown@fhcrc.org>’
No Authors@R field in DESCRIPTION.
Please add one, modifying
Authors@R: c(person(given = "Marshall",
family = "Brown",
role = c("aut", "cre"),
email = "mdbrown@fhcrc.org"),
person(given = "Holly",
family = "Janes",
role = "aut"))
as necessary.
Flavors: r-devel-linux-x86_64-debian-clang, r-devel-linux-x86_64-debian-gcc
Version: 2.1.1
Check: Rd files
Result: NOTE
checkRd: (-1) trtsel.Rd:69: Lost braces; missing escapes or markup?
69 | numeric with two values {0,1} and gaussian(link = "identity") otherwise.
| ^
Flavors: r-devel-linux-x86_64-debian-clang, r-devel-linux-x86_64-debian-gcc, r-devel-linux-x86_64-fedora-clang, r-devel-linux-x86_64-fedora-gcc, r-devel-windows-x86_64, r-patched-linux-x86_64, r-release-linux-x86_64, r-release-macos-arm64, r-release-macos-x86_64, r-release-windows-x86_64, r-oldrel-macos-arm64, r-oldrel-macos-x86_64, r-oldrel-windows-x86_64
These binaries (installable software) and packages are in development.
They may not be fully stable and should be used with caution. We make no claims about them.