Last updated on 2025-10-26 23:50:34 CET.
| Flavor | Version | Tinstall | Tcheck | Ttotal | Status | Flags |
|---|---|---|---|---|---|---|
| r-devel-linux-x86_64-debian-clang | 0.1.3 | 8.49 | 83.19 | 91.68 | NOTE | |
| r-devel-linux-x86_64-debian-gcc | 0.1.3 | 5.93 | 60.97 | 66.90 | NOTE | |
| r-devel-linux-x86_64-fedora-clang | 0.1.3 | 20.00 | 121.55 | 141.55 | OK | |
| r-devel-linux-x86_64-fedora-gcc | 0.1.3 | 20.00 | 115.15 | 135.15 | OK | |
| r-devel-windows-x86_64 | 0.1.3 | 11.00 | 108.00 | 119.00 | OK | |
| r-patched-linux-x86_64 | 0.1.3 | 8.86 | 79.04 | 87.90 | OK | |
| r-release-linux-x86_64 | 0.1.3 | 8.63 | 78.88 | 87.51 | OK | |
| r-release-macos-arm64 | 0.1.3 | 3.00 | 38.00 | 41.00 | OK | |
| r-release-macos-x86_64 | 0.1.3 | 7.00 | 67.00 | 74.00 | OK | |
| r-release-windows-x86_64 | 0.1.3 | 12.00 | 112.00 | 124.00 | OK | |
| r-oldrel-macos-arm64 | 0.1.3 | 4.00 | 35.00 | 39.00 | OK | |
| r-oldrel-macos-x86_64 | 0.1.3 | 6.00 | 57.00 | 63.00 | OK | |
| r-oldrel-windows-x86_64 | 0.1.3 | 15.00 | 135.00 | 150.00 | OK |
Version: 0.1.3
Check: CRAN incoming feasibility
Result: NOTE
Maintainer: ‘Silvestre Garcia de Jalon <s.garciadejalon@gmail.com>’
No Authors@R field in DESCRIPTION.
Please add one, modifying
Authors@R: person(given = c("Silvestre", "Garcia"),
family = "de Jalon",
role = c("aut", "cre"),
email = "s.garciadejalon@gmail.com")
as necessary.
Flavors: r-devel-linux-x86_64-debian-clang, r-devel-linux-x86_64-debian-gcc
These binaries (installable software) and packages are in development.
They may not be fully stable and should be used with caution. We make no claims about them.