Last updated on 2025-02-19 16:51:08 CET.
Flavor | Version | Tinstall | Tcheck | Ttotal | Status | Flags |
---|---|---|---|---|---|---|
r-devel-linux-x86_64-debian-clang | 0.1.3 | 7.68 | 69.21 | 76.89 | OK | |
r-devel-linux-x86_64-debian-gcc | 0.1.3 | 5.73 | 50.00 | 55.73 | OK | |
r-devel-linux-x86_64-fedora-clang | 0.1.3 | 125.54 | OK | |||
r-devel-linux-x86_64-fedora-gcc | 0.1.3 | 113.60 | OK | |||
r-devel-macos-arm64 | 0.1.3 | 40.00 | OK | |||
r-devel-macos-x86_64 | 0.1.3 | 81.00 | OK | |||
r-devel-windows-x86_64 | 0.1.3 | 11.00 | 99.00 | 110.00 | OK | |
r-patched-linux-x86_64 | 0.1.3 | 7.33 | 63.91 | 71.24 | OK | |
r-release-linux-x86_64 | 0.1.3 | 7.69 | 64.76 | 72.45 | OK | |
r-release-macos-arm64 | 0.1.3 | 39.00 | OK | |||
r-release-macos-x86_64 | 0.1.3 | 63.00 | OK | |||
r-release-windows-x86_64 | 0.1.3 | 10.00 | 3.00 | 13.00 | FAIL | |
r-oldrel-macos-arm64 | 0.1.3 | 91.00 | OK | |||
r-oldrel-macos-x86_64 | 0.1.3 | 67.00 | OK | |||
r-oldrel-windows-x86_64 | 0.1.3 | 12.00 | 194.00 | 206.00 | OK |
Version: 0.1.3
Check: package dependencies
Result: FAIL
Flavor: r-release-windows-x86_64
These binaries (installable software) and packages are in development.
They may not be fully stable and should be used with caution. We make no claims about them.