CRAN Package Check Results for Package TreeDist

Last updated on 2025-07-26 00:49:20 CEST.

Flavor Version Tinstall Tcheck Ttotal Status Flags
r-devel-linux-x86_64-debian-clang 2.9.2 53.13 205.13 258.26 OK
r-devel-linux-x86_64-debian-gcc 2.9.2 38.55 151.40 189.95 OK
r-devel-linux-x86_64-fedora-clang 2.9.2 425.02 OK
r-devel-linux-x86_64-fedora-gcc 2.9.2 448.48 OK
r-devel-windows-x86_64 2.9.2 61.00 418.00 479.00 OK
r-patched-linux-x86_64 2.9.2 54.92 198.69 253.61 OK
r-release-linux-x86_64 2.9.2 50.47 195.60 246.07 OK
r-release-macos-arm64 2.9.2 162.00 OK
r-release-macos-x86_64 2.9.2 230.00 OK
r-release-windows-x86_64 2.9.2 63.00 414.00 477.00 OK
r-oldrel-macos-arm64 2.9.2 118.00 NOTE
r-oldrel-macos-x86_64 2.9.2 284.00 NOTE
r-oldrel-windows-x86_64 2.9.2 75.00 292.00 367.00 NOTE

Check Details

Version: 2.9.2
Check: package dependencies
Result: NOTE Package suggested but not available for checking: ‘TreeDistData’ Flavors: r-oldrel-macos-arm64, r-oldrel-macos-x86_64, r-oldrel-windows-x86_64

Version: 2.9.2
Check: installed package size
Result: NOTE installed size is 9.0Mb sub-directories of 1Mb or more: doc 4.9Mb libs 3.4Mb Flavors: r-oldrel-macos-arm64, r-oldrel-macos-x86_64, r-oldrel-windows-x86_64

These binaries (installable software) and packages are in development.
They may not be fully stable and should be used with caution. We make no claims about them.