Last updated on 2025-02-23 07:52:13 CET.
Flavor | Version | Tinstall | Tcheck | Ttotal | Status | Flags |
---|---|---|---|---|---|---|
r-devel-linux-x86_64-debian-clang | 1.0.2 | 3.35 | 55.35 | 58.70 | NOTE | |
r-devel-linux-x86_64-debian-gcc | 1.0.2 | 2.89 | 38.46 | 41.35 | NOTE | |
r-devel-linux-x86_64-fedora-clang | 1.0.2 | 80.54 | NOTE | |||
r-devel-linux-x86_64-fedora-gcc | 1.0.2 | 71.89 | NOTE | |||
r-devel-macos-arm64 | 1.0.2 | 33.00 | OK | |||
r-devel-macos-x86_64 | 1.0.2 | 57.00 | NOTE | |||
r-devel-windows-x86_64 | 1.0.2 | 5.00 | 72.00 | 77.00 | NOTE | |
r-patched-linux-x86_64 | 1.0.2 | 2.69 | 44.16 | 46.85 | OK | |
r-release-linux-x86_64 | 1.0.2 | 2.50 | 44.63 | 47.13 | OK | |
r-release-macos-arm64 | 1.0.2 | 34.00 | OK | |||
r-release-macos-x86_64 | 1.0.2 | 81.00 | OK | |||
r-release-windows-x86_64 | 1.0.2 | 5.00 | 69.00 | 74.00 | OK | |
r-oldrel-macos-arm64 | 1.0.2 | 44.00 | OK | |||
r-oldrel-macos-x86_64 | 1.0.2 | 56.00 | OK | |||
r-oldrel-windows-x86_64 | 1.0.2 | 7.00 | 78.00 | 85.00 | OK |
Version: 1.0.2
Check: DESCRIPTION meta-information
Result: NOTE
Missing dependency on R >= 4.1.0 because package code uses the pipe
|> or function shorthand \(...) syntax added in R 4.1.0.
File(s) using such syntax:
‘TreeMineR.R’
Flavors: r-devel-linux-x86_64-debian-clang, r-devel-linux-x86_64-debian-gcc, r-devel-linux-x86_64-fedora-clang, r-devel-linux-x86_64-fedora-gcc, r-devel-macos-x86_64, r-devel-windows-x86_64
These binaries (installable software) and packages are in development.
They may not be fully stable and should be used with caution. We make no claims about them.