CRAN Package Check Results for Package TreeRingShape

Last updated on 2025-11-13 01:50:37 CET.

Flavor Version Tinstall Tcheck Ttotal Status Flags
r-devel-linux-x86_64-debian-clang 3.0.5 2.68 52.41 55.09 OK
r-devel-linux-x86_64-debian-gcc 3.0.5 1.87 40.91 42.78 OK
r-devel-linux-x86_64-fedora-clang 3.0.5 82.18 NOTE
r-devel-linux-x86_64-fedora-gcc 3.0.5 96.68 NOTE
r-devel-windows-x86_64 3.0.5 5.00 88.00 93.00 OK
r-patched-linux-x86_64 3.0.5 2.93 50.37 53.30 OK
r-release-linux-x86_64 3.0.5 2.54 50.08 52.62 OK
r-release-macos-arm64 3.0.5 2.00 64.00 66.00 OK
r-release-macos-x86_64 3.0.5 2.00 71.00 73.00 OK
r-release-windows-x86_64 3.0.5 5.00 158.00 163.00 OK
r-oldrel-macos-arm64 3.0.5 1.00 202.00 203.00 OK
r-oldrel-macos-x86_64 3.0.5 2.00 216.00 218.00 OK
r-oldrel-windows-x86_64 3.0.5 6.00 101.00 107.00 OK

Check Details

Version: 3.0.5
Check: dependencies in R code
Result: NOTE Namespace in Imports field not imported from: ‘tibble’ All declared Imports should be used. Flavors: r-devel-linux-x86_64-fedora-clang, r-devel-linux-x86_64-fedora-gcc

These binaries (installable software) and packages are in development.
They may not be fully stable and should be used with caution. We make no claims about them.