Last updated on 2025-05-21 21:49:34 CEST.
Flavor | Version | Tinstall | Tcheck | Ttotal | Status | Flags |
---|---|---|---|---|---|---|
r-devel-linux-x86_64-debian-clang | 1.6.0 | 30.00 | 279.18 | 309.18 | OK | |
r-devel-linux-x86_64-debian-gcc | 1.6.0 | 22.11 | 183.05 | 205.16 | OK | |
r-devel-linux-x86_64-fedora-clang | 1.6.0 | 542.75 | OK | |||
r-devel-linux-x86_64-fedora-gcc | 1.6.0 | 500.08 | OK | |||
r-devel-windows-x86_64 | 1.6.0 | 48.00 | 309.00 | 357.00 | OK | |
r-patched-linux-x86_64 | 1.6.0 | 33.12 | 266.33 | 299.45 | OK | |
r-release-linux-x86_64 | 1.6.0 | 31.90 | 269.46 | 301.36 | OK | |
r-release-macos-arm64 | 1.6.0 | 113.00 | OK | |||
r-release-macos-x86_64 | 1.6.0 | 257.00 | OK | |||
r-release-windows-x86_64 | 1.6.0 | 45.00 | 294.00 | 339.00 | OK | |
r-oldrel-macos-arm64 | 1.6.0 | 133.00 | NOTE | |||
r-oldrel-macos-x86_64 | 1.6.0 | 299.00 | NOTE | |||
r-oldrel-windows-x86_64 | 1.6.0 | 55.00 | 409.00 | 464.00 | NOTE |
Version: 1.6.0
Check: installed package size
Result: NOTE
installed size is 6.2Mb
sub-directories of 1Mb or more:
datasets 1.6Mb
doc 1.3Mb
libs 1.6Mb
Flavors: r-oldrel-macos-arm64, r-oldrel-macos-x86_64, r-oldrel-windows-x86_64
These binaries (installable software) and packages are in development.
They may not be fully stable and should be used with caution. We make no claims about them.