Last updated on 2025-05-01 14:49:25 CEST.
Flavor | Version | Tinstall | Tcheck | Ttotal | Status | Flags |
---|---|---|---|---|---|---|
r-devel-linux-x86_64-debian-clang | 2.4 | 11.51 | 84.98 | 96.49 | NOTE | |
r-devel-linux-x86_64-debian-gcc | 2.4 | 10.25 | 62.21 | 72.46 | NOTE | |
r-devel-linux-x86_64-fedora-clang | 2.4 | 148.80 | OK | |||
r-devel-linux-x86_64-fedora-gcc | 2.4 | 152.66 | OK | |||
r-devel-windows-x86_64 | 2.4 | 12.00 | 98.00 | 110.00 | OK | |
r-patched-linux-x86_64 | 2.4 | 11.10 | 80.10 | 91.20 | OK | |
r-release-linux-x86_64 | OK | |||||
r-release-macos-arm64 | 2.4 | 47.00 | OK | |||
r-release-macos-x86_64 | 2.4 | 88.00 | OK | |||
r-release-windows-x86_64 | 2.4 | 14.00 | 101.00 | 115.00 | OK | |
r-oldrel-macos-arm64 | 2.4 | 42.00 | OK | |||
r-oldrel-macos-x86_64 | 2.4 | 65.00 | OK | |||
r-oldrel-windows-x86_64 | 2.4 | 17.00 | 113.00 | 130.00 | OK |
Version: 2.4
Check: CRAN incoming feasibility
Result: NOTE
Maintainer: ‘Tanja Stadler <tanja.stadler@bsse.ethz.ch>’
No Authors@R field in DESCRIPTION.
Please add one, modifying
Authors@R: person(given = "Tanja",
family = "Stadler",
role = c("aut", "cre"),
email = "tanja.stadler@bsse.ethz.ch")
as necessary.
Flavors: r-devel-linux-x86_64-debian-clang, r-devel-linux-x86_64-debian-gcc
These binaries (installable software) and packages are in development.
They may not be fully stable and should be used with caution. We make no claims about them.