CRAN Package Check Results for Package TreeSim

Last updated on 2025-07-26 01:51:07 CEST.

Flavor Version Tinstall Tcheck Ttotal Status Flags
r-devel-linux-x86_64-debian-clang 2.4 12.17 84.01 96.18 NOTE
r-devel-linux-x86_64-debian-gcc 2.4 8.23 63.87 72.10 NOTE
r-devel-linux-x86_64-fedora-clang 2.4 149.67 OK
r-devel-linux-x86_64-fedora-gcc 2.4 141.69 OK
r-devel-windows-x86_64 2.4 13.00 94.00 107.00 OK
r-patched-linux-x86_64 2.4 10.87 80.81 91.68 OK
r-release-linux-x86_64 2.4 10.61 79.89 90.50 OK
r-release-macos-arm64 2.4 47.00 OK
r-release-macos-x86_64 2.4 88.00 OK
r-release-windows-x86_64 2.4 14.00 98.00 112.00 OK
r-oldrel-macos-arm64 2.4 42.00 OK
r-oldrel-macos-x86_64 2.4 65.00 OK
r-oldrel-windows-x86_64 2.4 18.00 115.00 133.00 OK

Check Details

Version: 2.4
Check: CRAN incoming feasibility
Result: NOTE Maintainer: ‘Tanja Stadler <tanja.stadler@bsse.ethz.ch>’ No Authors@R field in DESCRIPTION. Please add one, modifying Authors@R: person(given = "Tanja", family = "Stadler", role = c("aut", "cre"), email = "tanja.stadler@bsse.ethz.ch") as necessary. Flavors: r-devel-linux-x86_64-debian-clang, r-devel-linux-x86_64-debian-gcc

These binaries (installable software) and packages are in development.
They may not be fully stable and should be used with caution. We make no claims about them.