Last updated on 2025-05-01 17:56:19 CEST.
Flavor | Version | Tinstall | Tcheck | Ttotal | Status | Flags |
---|---|---|---|---|---|---|
r-devel-linux-x86_64-debian-clang | 2.5 | 9.60 | 82.98 | 92.58 | NOTE | |
r-devel-linux-x86_64-debian-gcc | 2.5 | 7.79 | 62.76 | 70.55 | NOTE | |
r-devel-linux-x86_64-fedora-clang | 2.5 | 148.44 | OK | |||
r-devel-linux-x86_64-fedora-gcc | 2.5 | 176.09 | OK | |||
r-devel-windows-x86_64 | 2.5 | 11.00 | 100.00 | 111.00 | OK | |
r-patched-linux-x86_64 | 2.5 | 9.47 | 81.17 | 90.64 | OK | |
r-release-linux-x86_64 | OK | |||||
r-release-macos-arm64 | 2.5 | 64.00 | OK | |||
r-release-macos-x86_64 | 2.5 | 106.00 | OK | |||
r-release-windows-x86_64 | 2.5 | 13.00 | 100.00 | 113.00 | OK | |
r-oldrel-macos-arm64 | 2.5 | 47.00 | OK | |||
r-oldrel-macos-x86_64 | 2.5 | 74.00 | OK | |||
r-oldrel-windows-x86_64 | 2.5 | 13.00 | 112.00 | 125.00 | OK |
Version: 2.5
Check: CRAN incoming feasibility
Result: NOTE
Maintainer: ‘Oskar Hagen <oskar.hagen@outlook.com>’
No Authors@R field in DESCRIPTION.
Please add one, modifying
Authors@R: c(person(given = "Oskar",
family = "Hagen",
role = c("aut", "cre"),
email = "oskar.hagen@outlook.com"),
person(given = "Tanja",
family = "Stadler",
role = "aut"))
as necessary.
Flavors: r-devel-linux-x86_64-debian-clang, r-devel-linux-x86_64-debian-gcc
Version: 2.5
Check: examples
Result: NOTE
Examples with CPU (user + system) or elapsed time > 5s
user system elapsed
sim.age 3.653 0.033 6.262
Flavor: r-devel-linux-x86_64-debian-clang
These binaries (installable software) and packages are in development.
They may not be fully stable and should be used with caution. We make no claims about them.