Last updated on 2025-10-09 17:50:56 CEST.
Flavor | Version | Tinstall | Tcheck | Ttotal | Status | Flags |
---|---|---|---|---|---|---|
r-devel-linux-x86_64-debian-clang | 2.0.0 | 73.90 | 162.69 | 236.59 | OK | |
r-devel-linux-x86_64-debian-gcc | 2.0.0 | 51.79 | 109.70 | 161.49 | OK | |
r-devel-linux-x86_64-fedora-clang | 2.0.0 | 396.55 | OK | |||
r-devel-linux-x86_64-fedora-gcc | 2.0.0 | 397.99 | OK | |||
r-devel-windows-x86_64 | 2.0.0 | 93.00 | 204.00 | 297.00 | OK | |
r-patched-linux-x86_64 | 2.0.0 | 84.25 | 153.84 | 238.09 | OK | |
r-release-linux-x86_64 | 2.0.0 | 81.74 | 154.93 | 236.67 | OK | |
r-release-macos-arm64 | 2.0.0 | 100.00 | OK | |||
r-release-macos-x86_64 | 2.0.0 | 193.00 | OK | |||
r-release-windows-x86_64 | 2.0.0 | 95.00 | 201.00 | 296.00 | OK | |
r-oldrel-macos-arm64 | 2.0.0 | 177.00 | NOTE | |||
r-oldrel-macos-x86_64 | 2.0.0 | 199.00 | NOTE | |||
r-oldrel-windows-x86_64 | 2.0.0 | 110.00 | 257.00 | 367.00 | OK |
Version: 2.0.0
Check: installed package size
Result: NOTE
installed size is 6.7Mb
sub-directories of 1Mb or more:
R 1.1Mb
libs 4.5Mb
Flavors: r-oldrel-macos-arm64, r-oldrel-macos-x86_64
These binaries (installable software) and packages are in development.
They may not be fully stable and should be used with caution. We make no claims about them.