Last updated on 2025-05-03 22:50:12 CEST.
Flavor | Version | Tinstall | Tcheck | Ttotal | Status | Flags |
---|---|---|---|---|---|---|
r-devel-linux-x86_64-debian-clang | 1.1.3 | 13.26 | 102.12 | 115.38 | NOTE | |
r-devel-linux-x86_64-debian-gcc | 1.1.3 | 9.49 | 75.46 | 84.95 | NOTE | |
r-devel-linux-x86_64-fedora-clang | 1.1.3 | 166.99 | OK | |||
r-devel-linux-x86_64-fedora-gcc | 1.1.3 | 170.30 | OK | |||
r-devel-windows-x86_64 | 1.1.3 | 14.00 | 111.00 | 125.00 | OK | |
r-patched-linux-x86_64 | 1.1.3 | 11.95 | 96.54 | 108.49 | OK | |
r-release-linux-x86_64 | OK | |||||
r-release-macos-arm64 | 1.1.3 | 49.00 | OK | |||
r-release-macos-x86_64 | 1.1.3 | 90.00 | OK | |||
r-release-windows-x86_64 | 1.1.3 | 13.00 | 110.00 | 123.00 | OK | |
r-oldrel-macos-arm64 | 1.1.3 | 55.00 | OK | |||
r-oldrel-macos-x86_64 | 1.1.3 | 70.00 | OK | |||
r-oldrel-windows-x86_64 | 1.1.3 | 19.00 | 139.00 | 158.00 | OK |
Version: 1.1.3
Check: CRAN incoming feasibility
Result: NOTE
Maintainer: ‘Ashkan Ertefaie <ashkan_ertefaie@urmc.rochester.edu>’
No Authors@R field in DESCRIPTION.
Please add one, modifying
Authors@R: c(person(given = "Xinyao",
family = "Ji",
role = "aut"),
person(given = "Ashkan",
family = "Ertefaie",
role = c("aut", "cre"),
email = "ashkan_ertefaie@urmc.rochester.edu"))
as necessary.
Flavors: r-devel-linux-x86_64-debian-clang, r-devel-linux-x86_64-debian-gcc
These binaries (installable software) and packages are in development.
They may not be fully stable and should be used with caution. We make no claims about them.