Last updated on 2024-07-27 15:50:36 CEST.
Flavor | Version | Tinstall | Tcheck | Ttotal | Status | Flags |
---|---|---|---|---|---|---|
r-devel-linux-x86_64-debian-clang | 0.9.9 | 14.74 | 114.78 | 129.52 | OK | |
r-devel-linux-x86_64-debian-gcc | 0.9.9 | NOTE | ||||
r-devel-linux-x86_64-fedora-clang | 0.9.9 | 169.85 | OK | |||
r-devel-linux-x86_64-fedora-gcc | 0.9.9 | 153.03 | OK | |||
r-devel-windows-x86_64 | 0.9.9 | 15.00 | 105.00 | 120.00 | NOTE | |
r-patched-linux-x86_64 | 0.9.9 | OK | ||||
r-release-linux-x86_64 | 0.9.9 | 10.54 | 109.51 | 120.05 | OK | |
r-release-macos-arm64 | 0.9.9 | 47.00 | OK | |||
r-release-macos-x86_64 | 0.9.9 | 75.00 | OK | |||
r-release-windows-x86_64 | 0.9.9 | 14.00 | 105.00 | 119.00 | OK | |
r-oldrel-macos-arm64 | 0.9.9 | 55.00 | OK | |||
r-oldrel-macos-x86_64 | 0.9.9 | 72.00 | OK | |||
r-oldrel-windows-x86_64 | 0.9.9 | 19.00 | 133.00 | 152.00 | OK |
Version: 0.9.9
Check: Rd cross-references
Result: NOTE
Found the following Rd file(s) with Rd \link{} targets missing package
anchors:
balance.plot.Rd: theme
covariateBalance.Rd: cv.bal.psa
loess3.plot.Rd: geom_point, geom_jitter, scale_colour_brewer,
geom_smooth, stat_smooth
multibalance.plot.Rd: cv.bal.psa
summary.triangle.matches.Rd: ezANOVA
Please provide package anchors for all Rd \link{} targets not in the
package itself and the base packages.
Flavors: r-devel-linux-x86_64-debian-gcc, r-devel-windows-x86_64
These binaries (installable software) and packages are in development.
They may not be fully stable and should be used with caution. We make no claims about them.