CRAN Package Check Results for Package TriadSim

Last updated on 2025-05-08 04:52:21 CEST.

Flavor Version Tinstall Tcheck Ttotal Status Flags
r-devel-linux-x86_64-debian-clang 0.3.0 2.77 46.30 49.07 NOTE
r-devel-linux-x86_64-debian-gcc 0.3.0 1.92 39.50 41.42 NOTE
r-devel-linux-x86_64-fedora-clang 0.3.0 81.39 NOTE
r-devel-linux-x86_64-fedora-gcc 0.3.0 87.45 NOTE
r-devel-windows-x86_64 0.3.0 4.00 120.00 124.00 NOTE
r-patched-linux-x86_64 0.3.0 2.15 44.46 46.61 NOTE
r-release-linux-x86_64 0.3.0 2.79 44.75 47.54 NOTE
r-release-macos-arm64 0.3.0 73.00 NOTE
r-release-macos-x86_64 0.3.0 134.00 NOTE
r-release-windows-x86_64 0.3.0 5.00 126.00 131.00 NOTE
r-oldrel-macos-arm64 0.3.0 63.00 NOTE
r-oldrel-macos-x86_64 0.3.0 87.00 NOTE
r-oldrel-windows-x86_64 0.3.0 5.00 158.00 163.00 NOTE

Check Details

Version: 0.3.0
Check: package subdirectories
Result: NOTE Problems with news in ‘NEWS.md’: No news entries found. Flavors: r-devel-linux-x86_64-debian-clang, r-devel-linux-x86_64-debian-gcc, r-devel-linux-x86_64-fedora-clang, r-devel-linux-x86_64-fedora-gcc, r-devel-windows-x86_64, r-patched-linux-x86_64, r-release-linux-x86_64, r-release-macos-arm64, r-release-macos-x86_64, r-release-windows-x86_64, r-oldrel-macos-arm64, r-oldrel-macos-x86_64, r-oldrel-windows-x86_64

These binaries (installable software) and packages are in development.
They may not be fully stable and should be used with caution. We make no claims about them.