Last updated on 2025-02-21 18:52:28 CET.
Flavor | Version | Tinstall | Tcheck | Ttotal | Status | Flags |
---|---|---|---|---|---|---|
r-devel-linux-x86_64-debian-clang | 1.4.1 | 6.09 | 33.20 | 39.29 | OK | |
r-devel-linux-x86_64-debian-gcc | 1.4.1 | 3.89 | 23.62 | 27.51 | OK | |
r-devel-linux-x86_64-fedora-clang | 1.4.1 | 61.97 | NOTE | |||
r-devel-linux-x86_64-fedora-gcc | 1.4.1 | 57.51 | NOTE | |||
r-devel-macos-arm64 | 1.4.1 | 21.00 | OK | |||
r-devel-macos-x86_64 | 1.4.1 | 35.00 | OK | |||
r-devel-windows-x86_64 | 1.4.1 | 8.00 | 67.00 | 75.00 | OK | |
r-patched-linux-x86_64 | 1.4.1 | 7.42 | 31.81 | 39.23 | OK | |
r-release-linux-x86_64 | 1.4.1 | 5.12 | 31.76 | 36.88 | OK | |
r-release-macos-arm64 | 1.4.1 | 21.00 | OK | |||
r-release-macos-x86_64 | 1.4.1 | 35.00 | OK | |||
r-release-windows-x86_64 | 1.4.1 | 11.00 | 65.00 | 76.00 | OK | |
r-oldrel-macos-arm64 | 1.4.1 | 26.00 | OK | |||
r-oldrel-macos-x86_64 | 1.4.1 | 37.00 | OK | |||
r-oldrel-windows-x86_64 | 1.4.1 | 12.00 | 73.00 | 85.00 | OK |
Version: 1.4.1
Check: compiled code
Result: NOTE
File ‘TrialSize/libs/TrialSize.so’:
Found no calls to: ‘R_registerRoutines’, ‘R_useDynamicSymbols’
It is good practice to register native routines and to disable symbol
search.
See ‘Writing portable packages’ in the ‘Writing R Extensions’ manual.
Flavors: r-devel-linux-x86_64-fedora-clang, r-devel-linux-x86_64-fedora-gcc
These binaries (installable software) and packages are in development.
They may not be fully stable and should be used with caution. We make no claims about them.