Last updated on 2025-05-01 08:52:49 CEST.
Flavor | Version | Tinstall | Tcheck | Ttotal | Status | Flags |
---|---|---|---|---|---|---|
r-devel-linux-x86_64-debian-clang | 1.6.5 | 20.15 | 132.84 | 152.99 | NOTE | --no-vignettes |
r-devel-linux-x86_64-debian-gcc | 1.6.5 | 12.15 | 90.68 | 102.83 | OK | --no-vignettes |
r-devel-linux-x86_64-fedora-clang | 1.6.5 | 773.95 | OK | |||
r-devel-linux-x86_64-fedora-gcc | 1.6.5 | 863.24 | OK | |||
r-devel-windows-x86_64 | 1.6.5 | 20.00 | 173.00 | 193.00 | OK | --no-vignettes |
r-patched-linux-x86_64 | 1.6.5 | 19.84 | 123.59 | 143.43 | OK | --no-vignettes |
r-release-linux-x86_64 | OK | --no-vignettes | ||||
r-release-macos-arm64 | 1.6.5 | 400.00 | OK | |||
r-release-macos-x86_64 | 1.6.5 | 559.00 | OK | |||
r-release-windows-x86_64 | 1.6.5 | 20.00 | 176.00 | 196.00 | OK | --no-vignettes |
r-oldrel-macos-arm64 | 1.6.5 | 261.00 | OK | |||
r-oldrel-macos-x86_64 | 1.6.5 | 400.00 | OK | |||
r-oldrel-windows-x86_64 | 1.6.5 | 23.00 | 194.00 | 217.00 | OK | --no-vignettes |
Version: 1.6.5
Flags: --no-vignettes
Check: examples
Result: NOTE
Examples with CPU (user + system) or elapsed time > 5s
user system elapsed
predict_mod 4.125 0.106 5.957
Flavor: r-devel-linux-x86_64-debian-clang
These binaries (installable software) and packages are in development.
They may not be fully stable and should be used with caution. We make no claims about them.