Last updated on 2025-10-23 21:51:46 CEST.
Flavor | Version | Tinstall | Tcheck | Ttotal | Status | Flags |
---|---|---|---|---|---|---|
r-devel-linux-x86_64-debian-clang | 1.2.1 | 5.13 | 97.02 | 102.15 | NOTE | |
r-devel-linux-x86_64-debian-gcc | 1.2.1 | 3.56 | 72.60 | 76.16 | OK | |
r-devel-linux-x86_64-fedora-clang | 1.2.1 | 11.00 | 135.57 | 146.57 | OK | |
r-devel-linux-x86_64-fedora-gcc | 1.2.1 | 13.00 | 153.27 | 166.27 | OK | |
r-devel-windows-x86_64 | 1.2.1 | 6.00 | 114.00 | 120.00 | OK | |
r-patched-linux-x86_64 | 1.2.1 | 5.50 | 93.57 | 99.07 | OK | |
r-release-linux-x86_64 | 1.2.1 | 5.03 | 93.44 | 98.47 | OK | |
r-release-macos-arm64 | 1.2.1 | 2.00 | 69.00 | 71.00 | OK | |
r-release-macos-x86_64 | 1.2.1 | 11.00 | 160.00 | 171.00 | OK | |
r-release-windows-x86_64 | 1.2.1 | 5.00 | 122.00 | 127.00 | OK | |
r-oldrel-macos-arm64 | 1.2.1 | 2.00 | 70.00 | 72.00 | OK | |
r-oldrel-macos-x86_64 | 1.2.1 | 9.00 | 192.00 | 201.00 | OK | |
r-oldrel-windows-x86_64 | 1.2.1 | 8.00 | 140.00 | 148.00 | OK |
Version: 1.2.1
Check: HTML version of manual
Result: NOTE
Found the following HTML validation problems:
dot-onAttach.html:51:1 (dot-onAttach.Rd:12): Warning: missing </ul> before </div>
Flavor: r-devel-linux-x86_64-debian-clang
These binaries (installable software) and packages are in development.
They may not be fully stable and should be used with caution. We make no claims about them.