CRAN Package Check Results for Package TukeyC

Last updated on 2025-02-16 10:51:02 CET.

Flavor Version Tinstall Tcheck Ttotal Status Flags
r-devel-linux-x86_64-debian-clang 1.3-42 11.05 89.42 100.47 ERROR
r-devel-linux-x86_64-debian-gcc 1.3-42 8.78 62.07 70.85 ERROR
r-devel-linux-x86_64-fedora-clang 1.3-42 162.02 ERROR
r-devel-linux-x86_64-fedora-gcc 1.3-42 152.69 ERROR
r-devel-macos-arm64 1.3-42 54.00 OK
r-devel-macos-x86_64 1.3-42 102.00 OK
r-devel-windows-x86_64 1.3-42 11.00 100.00 111.00 ERROR
r-patched-linux-x86_64 1.3-42 17.60 81.12 98.72 ERROR
r-release-linux-x86_64 1.3-42 11.03 81.91 92.94 ERROR
r-release-macos-arm64 1.3-42 45.00 OK
r-release-macos-x86_64 1.3-42 82.00 OK
r-release-windows-x86_64 1.3-42 11.00 106.00 117.00 ERROR
r-oldrel-macos-arm64 1.3-42 52.00 OK
r-oldrel-macos-x86_64 1.3-42 119.00 OK
r-oldrel-windows-x86_64 1.3-42 16.00 114.00 130.00 ERROR

Check Details

Version: 1.3-42
Check: Rd cross-references
Result: NOTE Found the following Rd file(s) with Rd \link{} targets missing package anchors: xtable.TukeyC.Rd: xtable Please provide package anchors for all Rd \link{} targets not in the package itself and the base packages. Flavors: r-devel-linux-x86_64-debian-clang, r-devel-linux-x86_64-debian-gcc, r-devel-windows-x86_64

Version: 1.3-42
Check: examples
Result: ERROR Running examples in ‘TukeyC-Ex.R’ failed The error most likely occurred in: > base::assign(".ptime", proc.time(), pos = "CheckExEnv") > ### Name: TukeyC > ### Title: The TukeyC Test for Single Experiments > ### Aliases: TukeyC TukeyC.default TukeyC.lm TukeyC.formula TukeyC.aovlist > ### TukeyC.lmerMod > ### Keywords: package > > ### ** Examples > > ## > ## Examples:Randomized Complete Block Design (RCBD) > ## More details: demo(package='TukeyC') > ## > > ## The parameters can be: formula, aov, lm, aovlist and lmerMod > > data(RCBD) > > ## From: formula > tk1 <- with(RCBD, + TukeyC(y ~ blk + tra, + data=dfm, + which='tra')) Error in data.frame(means = aux_mt1, reps = reps) : arguments imply differing number of rows: 0, 5 Calls: with ... TukeyC.formula -> TukeyC -> TukeyC.lm -> data.frame Execution halted Flavors: r-devel-linux-x86_64-debian-clang, r-devel-linux-x86_64-debian-gcc, r-patched-linux-x86_64, r-release-linux-x86_64

Version: 1.3-42
Check: examples
Result: ERROR Running examples in ‘TukeyC-Ex.R’ failed The error most likely occurred in: > ### Name: TukeyC > ### Title: The TukeyC Test for Single Experiments > ### Aliases: TukeyC TukeyC.default TukeyC.lm TukeyC.formula TukeyC.aovlist > ### TukeyC.lmerMod > ### Keywords: package > > ### ** Examples > > ## > ## Examples:Randomized Complete Block Design (RCBD) > ## More details: demo(package='TukeyC') > ## > > ## The parameters can be: formula, aov, lm, aovlist and lmerMod > > data(RCBD) > > ## From: formula > tk1 <- with(RCBD, + TukeyC(y ~ blk + tra, + data=dfm, + which='tra')) Error in data.frame(means = aux_mt1, reps = reps) : arguments imply differing number of rows: 0, 5 Calls: with ... TukeyC.formula -> TukeyC -> TukeyC.lm -> data.frame Execution halted Flavors: r-devel-linux-x86_64-fedora-clang, r-devel-linux-x86_64-fedora-gcc, r-devel-windows-x86_64, r-release-windows-x86_64, r-oldrel-windows-x86_64

These binaries (installable software) and packages are in development.
They may not be fully stable and should be used with caution. We make no claims about them.