Last updated on 2025-07-04 15:48:47 CEST.
Flavor | Version | Tinstall | Tcheck | Ttotal | Status | Flags |
---|---|---|---|---|---|---|
r-devel-linux-x86_64-debian-clang | 2.5.3 | 4.63 | 37.47 | 42.10 | NOTE | |
r-devel-linux-x86_64-debian-gcc | 2.5.3 | 2.92 | 28.03 | 30.95 | NOTE | |
r-devel-linux-x86_64-fedora-clang | 2.5.3 | 64.95 | OK | |||
r-devel-linux-x86_64-fedora-gcc | 2.5.3 | 62.51 | OK | |||
r-devel-windows-x86_64 | 2.5.3 | 7.00 | 60.00 | 67.00 | OK | |
r-patched-linux-x86_64 | 2.5.3 | 5.20 | 35.08 | 40.28 | OK | |
r-release-linux-x86_64 | 2.5.3 | 4.31 | 35.39 | 39.70 | OK | |
r-release-macos-arm64 | 2.5.3 | 22.00 | OK | |||
r-release-macos-x86_64 | 2.5.3 | 39.00 | OK | |||
r-release-windows-x86_64 | 2.5.3 | 8.00 | 59.00 | 67.00 | OK | |
r-oldrel-macos-arm64 | 2.5.3 | 21.00 | OK | |||
r-oldrel-macos-x86_64 | 2.5.3 | 30.00 | OK | |||
r-oldrel-windows-x86_64 | 2.5.3 | 8.00 | 72.00 | 80.00 | OK |
Version: 2.5.3
Check: CRAN incoming feasibility
Result: NOTE
Maintainer: ‘Hans Kestler <hans.kestler@uni-ulm.de>’
No Authors@R field in DESCRIPTION.
Please add one, modifying
Authors@R: c(person(given = "Christoph",
family = "Müssel",
role = "aut"),
person(given = "Ludwig",
family = "Lausser",
role = "aut"),
person(given = "Hans",
family = "Kestler",
role = c("aut", "cre"),
email = "hans.kestler@uni-ulm.de"))
as necessary.
Flavors: r-devel-linux-x86_64-debian-clang, r-devel-linux-x86_64-debian-gcc
These binaries (installable software) and packages are in development.
They may not be fully stable and should be used with caution. We make no claims about them.