Last updated on 2025-05-22 06:52:02 CEST.
Flavor | Version | Tinstall | Tcheck | Ttotal | Status | Flags |
---|---|---|---|---|---|---|
r-devel-linux-x86_64-debian-clang | 2.5.3 | 4.56 | 37.61 | 42.17 | NOTE | |
r-devel-linux-x86_64-debian-gcc | 2.5.3 | 3.04 | 26.89 | 29.93 | NOTE | |
r-devel-linux-x86_64-fedora-clang | 2.5.3 | 64.77 | OK | |||
r-devel-linux-x86_64-fedora-gcc | 2.5.3 | 61.26 | OK | |||
r-devel-windows-x86_64 | 2.5.3 | 8.00 | 79.00 | 87.00 | OK | |
r-patched-linux-x86_64 | 2.5.3 | 4.81 | 35.54 | 40.35 | OK | |
r-release-linux-x86_64 | 2.5.3 | 4.05 | 35.30 | 39.35 | OK | |
r-release-macos-arm64 | 2.5.3 | 22.00 | OK | |||
r-release-macos-x86_64 | 2.5.3 | 39.00 | OK | |||
r-release-windows-x86_64 | 2.5.3 | 9.00 | 95.00 | 104.00 | OK | |
r-oldrel-macos-arm64 | 2.5.3 | 21.00 | OK | |||
r-oldrel-macos-x86_64 | 2.5.3 | 30.00 | OK | |||
r-oldrel-windows-x86_64 | 2.5.3 | 9.00 | 71.00 | 80.00 | OK |
Version: 2.5.3
Check: CRAN incoming feasibility
Result: NOTE
Maintainer: ‘Hans Kestler <hans.kestler@uni-ulm.de>’
No Authors@R field in DESCRIPTION.
Please add one, modifying
Authors@R: c(person(given = "Christoph",
family = "Müssel",
role = "aut"),
person(given = "Ludwig",
family = "Lausser",
role = "aut"),
person(given = "Hans",
family = "Kestler",
role = c("aut", "cre"),
email = "hans.kestler@uni-ulm.de"))
as necessary.
Flavors: r-devel-linux-x86_64-debian-clang, r-devel-linux-x86_64-debian-gcc
These binaries (installable software) and packages are in development.
They may not be fully stable and should be used with caution. We make no claims about them.