CRAN Package Check Results for Package TwoArmSurvSim

Last updated on 2025-05-03 22:50:13 CEST.

Flavor Version Tinstall Tcheck Ttotal Status Flags
r-devel-linux-x86_64-debian-clang 0.2 9.05 82.34 91.39 OK
r-devel-linux-x86_64-debian-gcc 0.2 6.94 58.89 65.83 OK
r-devel-linux-x86_64-fedora-clang 0.2 143.08 OK
r-devel-linux-x86_64-fedora-gcc 0.2 136.26 OK
r-devel-windows-x86_64 0.2 10.00 90.00 100.00 OK
r-patched-linux-x86_64 0.2 10.05 76.74 86.79 OK
r-release-linux-x86_64 OK
r-release-macos-arm64 0.2 39.00 OK
r-release-macos-x86_64 0.2 74.00 OK
r-release-windows-x86_64 0.2 10.00 129.00 139.00 OK
r-oldrel-macos-arm64 0.2 36.00 NOTE
r-oldrel-macos-x86_64 0.2 60.00 NOTE
r-oldrel-windows-x86_64 0.2 15.00 114.00 129.00 NOTE

Check Details

Version: 0.2
Check: LazyData
Result: NOTE 'LazyData' is specified without a 'data' directory Flavors: r-oldrel-macos-arm64, r-oldrel-macos-x86_64, r-oldrel-windows-x86_64

These binaries (installable software) and packages are in development.
They may not be fully stable and should be used with caution. We make no claims about them.