CRAN Package Check Results for Package TwoArmSurvSim

Last updated on 2025-07-09 15:49:58 CEST.

Flavor Version Tinstall Tcheck Ttotal Status Flags
r-devel-linux-x86_64-debian-clang 0.2 10.96 82.10 93.06 OK
r-devel-linux-x86_64-debian-gcc 0.2 7.27 59.35 66.62 OK
r-devel-linux-x86_64-fedora-clang 0.2 145.85 OK
r-devel-linux-x86_64-fedora-gcc 0.2 133.50 OK
r-devel-windows-x86_64 0.2 11.00 88.00 99.00 OK
r-patched-linux-x86_64 0.2 9.83 75.90 85.73 OK
r-release-linux-x86_64 0.2 10.52 76.37 86.89 OK
r-release-macos-arm64 0.2 39.00 OK
r-release-macos-x86_64 0.2 74.00 OK
r-release-windows-x86_64 0.2 11.00 88.00 99.00 OK
r-oldrel-macos-arm64 0.2 36.00 NOTE
r-oldrel-macos-x86_64 0.2 60.00 NOTE
r-oldrel-windows-x86_64 0.2 14.00 120.00 134.00 NOTE

Check Details

Version: 0.2
Check: LazyData
Result: NOTE 'LazyData' is specified without a 'data' directory Flavors: r-oldrel-macos-arm64, r-oldrel-macos-x86_64, r-oldrel-windows-x86_64

These binaries (installable software) and packages are in development.
They may not be fully stable and should be used with caution. We make no claims about them.