Last updated on 2025-05-21 23:48:59 CEST.
Flavor | Version | Tinstall | Tcheck | Ttotal | Status | Flags |
---|---|---|---|---|---|---|
r-devel-linux-x86_64-debian-clang | 2.1.0 | 14.98 | 95.95 | 110.93 | OK | |
r-devel-linux-x86_64-debian-gcc | 2.1.0 | 9.30 | 67.16 | 76.46 | OK | |
r-devel-linux-x86_64-fedora-clang | 2.1.0 | 172.58 | OK | |||
r-devel-linux-x86_64-fedora-gcc | 2.1.0 | 172.36 | OK | |||
r-devel-windows-x86_64 | 2.1.0 | 20.00 | 127.00 | 147.00 | OK | |
r-patched-linux-x86_64 | 2.1.0 | 15.39 | 87.32 | 102.71 | OK | |
r-release-linux-x86_64 | 2.1.0 | 12.52 | 87.27 | 99.79 | OK | |
r-release-macos-arm64 | 2.1.0 | 59.00 | OK | |||
r-release-macos-x86_64 | 2.1.0 | 96.00 | OK | |||
r-release-windows-x86_64 | 2.1.0 | 19.00 | 118.00 | 137.00 | OK | |
r-oldrel-macos-arm64 | 2.1.0 | 37.00 | NOTE | |||
r-oldrel-macos-x86_64 | 2.1.0 | 76.00 | NOTE | |||
r-oldrel-windows-x86_64 | 2.1.0 | 26.00 | 160.00 | 186.00 | NOTE |
Version: 2.1.0
Check: installed package size
Result: NOTE
installed size is 7.9Mb
sub-directories of 1Mb or more:
data 1.1Mb
doc 1.4Mb
shinyapp 4.9Mb
Flavors: r-oldrel-macos-arm64, r-oldrel-macos-x86_64, r-oldrel-windows-x86_64
These binaries (installable software) and packages are in development.
They may not be fully stable and should be used with caution. We make no claims about them.