Last updated on 2025-05-29 17:59:14 CEST.
Flavor | Version | Tinstall | Tcheck | Ttotal | Status | Flags |
---|---|---|---|---|---|---|
r-devel-linux-x86_64-debian-clang | 1.4.8 | 6.61 | 60.45 | 67.06 | NOTE | |
r-devel-linux-x86_64-debian-gcc | 1.4.8 | 4.26 | 44.50 | 48.76 | NOTE | |
r-devel-linux-x86_64-fedora-clang | 1.4.8 | 103.67 | OK | |||
r-devel-linux-x86_64-fedora-gcc | 1.4.8 | 109.58 | OK | |||
r-devel-windows-x86_64 | 1.4.8 | 9.00 | 84.00 | 93.00 | OK | |
r-patched-linux-x86_64 | 1.4.8 | 6.96 | 55.39 | 62.35 | OK | |
r-release-linux-x86_64 | 1.4.8 | 6.55 | 55.19 | 61.74 | OK | |
r-release-macos-arm64 | 1.4.8 | 57.00 | OK | |||
r-release-macos-x86_64 | 1.4.8 | 99.00 | OK | |||
r-release-windows-x86_64 | 1.4.8 | 9.00 | 84.00 | 93.00 | OK | |
r-oldrel-macos-arm64 | 1.4.8 | 52.00 | OK | |||
r-oldrel-macos-x86_64 | 1.4.8 | 81.00 | OK | |||
r-oldrel-windows-x86_64 | 1.4.8 | 11.00 | 102.00 | 113.00 | OK |
Version: 1.4.8
Check: CRAN incoming feasibility
Result: NOTE
Maintainer: ‘Shixiang Wang <w_shixiang@163.com>’
Package CITATION file contains call(s) to old-style personList() or
as.personList(). Please use c() on person objects instead.
Package CITATION file contains call(s) to old-style citEntry(). Please
use bibentry() instead.
Flavors: r-devel-linux-x86_64-debian-clang, r-devel-linux-x86_64-debian-gcc
These binaries (installable software) and packages are in development.
They may not be fully stable and should be used with caution. We make no claims about them.