Last updated on 2025-05-01 08:52:49 CEST.
Flavor | Version | Tinstall | Tcheck | Ttotal | Status | Flags |
---|---|---|---|---|---|---|
r-devel-linux-x86_64-debian-clang | 5.1 | 124.56 | 103.01 | 227.57 | OK | |
r-devel-linux-x86_64-debian-gcc | 5.1 | 99.71 | 72.84 | 172.55 | OK | |
r-devel-linux-x86_64-fedora-clang | 5.1 | 343.36 | OK | |||
r-devel-linux-x86_64-fedora-gcc | 5.1 | 421.87 | OK | |||
r-devel-windows-x86_64 | 5.1 | 135.00 | 157.00 | 292.00 | OK | |
r-patched-linux-x86_64 | 5.1 | 143.83 | 98.15 | 241.98 | OK | |
r-release-linux-x86_64 | OK | |||||
r-release-macos-arm64 | 5.1 | 100.00 | OK | |||
r-release-macos-x86_64 | 5.1 | 214.00 | OK | |||
r-release-windows-x86_64 | 5.1 | 134.00 | 160.00 | 294.00 | OK | |
r-oldrel-macos-arm64 | 5.1 | 97.00 | NOTE | |||
r-oldrel-macos-x86_64 | 5.1 | 212.00 | NOTE | |||
r-oldrel-windows-x86_64 | 5.1 | 159.00 | 190.00 | 349.00 | OK |
Version: 5.1
Check: installed package size
Result: NOTE
installed size is 22.6Mb
sub-directories of 1Mb or more:
libs 22.1Mb
Flavors: r-oldrel-macos-arm64, r-oldrel-macos-x86_64
These binaries (installable software) and packages are in development.
They may not be fully stable and should be used with caution. We make no claims about them.