CRAN Package Check Results for Package UHM

Last updated on 2025-05-01 15:49:48 CEST.

Flavor Version Tinstall Tcheck Ttotal Status Flags
r-devel-linux-x86_64-debian-clang 0.3.0 3.04 49.67 52.71 NOTE
r-devel-linux-x86_64-debian-gcc 0.3.0 2.33 33.88 36.21 OK
r-devel-linux-x86_64-fedora-clang 0.3.0 89.70 OK
r-devel-linux-x86_64-fedora-gcc 0.3.0 83.98 OK
r-devel-windows-x86_64 0.3.0 4.00 74.00 78.00 OK
r-patched-linux-x86_64 0.3.0 2.79 48.48 51.27 OK
r-release-linux-x86_64 OK
r-release-macos-arm64 0.3.0 27.00 OK
r-release-macos-x86_64 0.3.0 38.00 OK
r-release-windows-x86_64 0.3.0 4.00 79.00 83.00 OK
r-oldrel-macos-arm64 0.3.0 24.00 OK
r-oldrel-macos-x86_64 0.3.0 38.00 OK
r-oldrel-windows-x86_64 0.3.0 5.00 76.00 81.00 OK

Check Details

Version: 0.3.0
Check: examples
Result: NOTE Examples with CPU (user + system) or elapsed time > 5s user system elapsed ZIHR 9.591 0.006 14.269 SummaryZIHR 8.071 0.020 12.217 Prediction 7.414 0.073 11.418 Flavor: r-devel-linux-x86_64-debian-clang

Version: 0.3.0
Check: examples
Result: NA user system elapsed ZIHR 5.297 0.011 5.758 SummaryZIHR 4.798 0.032 5.067 Prediction 4.629 0.132 5.370 OK Flavor: r-devel-linux-x86_64-debian-gcc

These binaries (installable software) and packages are in development.
They may not be fully stable and should be used with caution. We make no claims about them.