CRAN Package Check Results for Package USgas

Last updated on 2025-02-19 16:51:08 CET.

Flavor Version Tinstall Tcheck Ttotal Status Flags
r-devel-linux-x86_64-debian-clang 0.1.2 2.51 26.00 28.51 OK
r-devel-linux-x86_64-debian-gcc 0.1.2 2.24 20.69 22.93 OK
r-devel-linux-x86_64-fedora-clang 0.1.2 45.89 OK
r-devel-linux-x86_64-fedora-gcc 0.1.2 58.24 OK
r-devel-macos-arm64 0.1.2 26.00 OK
r-devel-macos-x86_64 0.1.2 58.00 OK
r-devel-windows-x86_64 0.1.2 4.00 50.00 54.00 OK
r-patched-linux-x86_64 0.1.2 2.83 24.69 27.52 OK
r-release-linux-x86_64 0.1.2 2.61 24.80 27.41 OK
r-release-macos-arm64 0.1.2 24.00 NOTE
r-release-macos-x86_64 0.1.2 37.00 NOTE
r-release-windows-x86_64 0.1.2 5.00 47.00 52.00 NOTE
r-oldrel-macos-arm64 0.1.2 36.00 NOTE
r-oldrel-macos-x86_64 0.1.2 56.00 NOTE
r-oldrel-windows-x86_64 0.1.2 5.00 54.00 59.00 NOTE

Check Details

Version: 0.1.2
Check: installed package size
Result: NOTE installed size is 5.2Mb sub-directories of 1Mb or more: doc 3.8Mb Flavors: r-release-macos-arm64, r-release-macos-x86_64, r-release-windows-x86_64, r-oldrel-macos-arm64, r-oldrel-macos-x86_64, r-oldrel-windows-x86_64

These binaries (installable software) and packages are in development.
They may not be fully stable and should be used with caution. We make no claims about them.