Last updated on 2025-10-23 17:51:08 CEST.
Flavor | Version | Tinstall | Tcheck | Ttotal | Status | Flags |
---|---|---|---|---|---|---|
r-devel-linux-x86_64-debian-clang | 0.1.2 | 2.55 | 30.76 | 33.31 | NOTE | |
r-devel-linux-x86_64-debian-gcc | 0.1.2 | 2.00 | 24.21 | 26.21 | NOTE | |
r-devel-linux-x86_64-fedora-clang | 0.1.2 | 49.84 | NOTE | |||
r-devel-linux-x86_64-fedora-gcc | 0.1.2 | 62.33 | NOTE | |||
r-devel-windows-x86_64 | 0.1.2 | 4.00 | 49.00 | 53.00 | NOTE | |
r-patched-linux-x86_64 | 0.1.2 | 2.68 | 27.75 | 30.43 | NOTE | |
r-release-linux-x86_64 | 0.1.2 | 2.39 | 27.88 | 30.27 | NOTE | |
r-release-macos-arm64 | 0.1.2 | 2.00 | 35.00 | 37.00 | NOTE | |
r-release-macos-x86_64 | 0.1.2 | 3.00 | 47.00 | 50.00 | NOTE | |
r-release-windows-x86_64 | 0.1.2 | 4.00 | 50.00 | 54.00 | NOTE | |
r-oldrel-macos-arm64 | 0.1.2 | 2.00 | 22.00 | 24.00 | NOTE | |
r-oldrel-macos-x86_64 | 0.1.2 | 2.00 | 35.00 | 37.00 | NOTE | |
r-oldrel-windows-x86_64 | 0.1.2 | 5.00 | 58.00 | 63.00 | NOTE |
Version: 0.1.2
Check: DESCRIPTION meta-information
Result: NOTE
Missing dependency on R >= 4.1.0 because package code uses the pipe
|> or function shorthand \(...) syntax added in R 4.1.0.
File(s) using such syntax:
‘usgas.Rd’
Flavors: r-devel-linux-x86_64-debian-clang, r-devel-linux-x86_64-debian-gcc, r-devel-linux-x86_64-fedora-clang, r-devel-linux-x86_64-fedora-gcc, r-devel-windows-x86_64, r-patched-linux-x86_64, r-release-linux-x86_64, r-release-macos-arm64, r-release-macos-x86_64, r-release-windows-x86_64
Version: 0.1.2
Check: installed package size
Result: NOTE
installed size is 5.2Mb
sub-directories of 1Mb or more:
doc 3.8Mb
Flavors: r-oldrel-macos-arm64, r-oldrel-macos-x86_64, r-oldrel-windows-x86_64
These binaries (installable software) and packages are in development.
They may not be fully stable and should be used with caution. We make no claims about them.