Last updated on 2025-10-31 13:51:06 CET.
| Flavor | Version | Tinstall | Tcheck | Ttotal | Status | Flags | 
|---|---|---|---|---|---|---|
| r-devel-linux-x86_64-debian-clang | 0.1.2 | 3.09 | 29.70 | 32.79 | OK | |
| r-devel-linux-x86_64-debian-gcc | 0.1.2 | 2.37 | 24.43 | 26.80 | OK | |
| r-devel-linux-x86_64-fedora-clang | 0.1.2 | 47.89 | NOTE | |||
| r-devel-linux-x86_64-fedora-gcc | 0.1.2 | 46.46 | NOTE | |||
| r-devel-windows-x86_64 | 0.1.2 | 5.00 | 53.00 | 58.00 | OK | |
| r-patched-linux-x86_64 | 0.1.2 | 3.25 | 26.55 | 29.80 | OK | |
| r-release-linux-x86_64 | 0.1.2 | 2.96 | 26.88 | 29.84 | OK | |
| r-release-macos-arm64 | 0.1.2 | 2.00 | 18.00 | 20.00 | OK | |
| r-release-macos-x86_64 | 0.1.2 | 3.00 | 36.00 | 39.00 | OK | |
| r-release-windows-x86_64 | 0.1.2 | 5.00 | 53.00 | 58.00 | OK | |
| r-oldrel-macos-arm64 | 0.1.2 | 3.00 | 18.00 | 21.00 | OK | |
| r-oldrel-macos-x86_64 | 0.1.2 | 4.00 | 25.00 | 29.00 | OK | |
| r-oldrel-windows-x86_64 | 0.1.2 | 6.00 | 62.00 | 68.00 | OK | 
Version: 0.1.2
Check: dependencies in R code
Result: NOTE
  Namespace in Imports field not imported from: ‘tsibble’
    All declared Imports should be used.
Flavors: r-devel-linux-x86_64-fedora-clang, r-devel-linux-x86_64-fedora-gcc
These binaries (installable software) and packages are in development.
They may not be fully stable and should be used with caution. We make no claims about them.