CRAN Package Check Results for Package USgrid

Last updated on 2025-02-07 10:49:35 CET.

Flavor Version Tinstall Tcheck Ttotal Status Flags
r-devel-linux-x86_64-debian-clang 0.1.2 2.93 26.23 29.16 OK
r-devel-linux-x86_64-debian-gcc 0.1.2 2.42 21.20 23.62 OK
r-devel-linux-x86_64-fedora-clang 0.1.2 46.48 NOTE
r-devel-linux-x86_64-fedora-gcc 0.1.2 43.29 NOTE
r-devel-windows-x86_64 0.1.2 5.00 53.00 58.00 OK
r-patched-linux-x86_64 0.1.2 3.00 24.70 27.70 OK
r-release-linux-x86_64 0.1.2 2.89 24.61 27.50 OK
r-release-macos-arm64 0.1.2 21.00 OK
r-release-macos-x86_64 0.1.2 29.00 OK
r-release-windows-x86_64 0.1.2 5.00 53.00 58.00 OK
r-oldrel-macos-arm64 0.1.2 21.00 OK
r-oldrel-macos-x86_64 0.1.2 27.00 OK
r-oldrel-windows-x86_64 0.1.2 7.00 57.00 64.00 OK

Check Details

Version: 0.1.2
Check: dependencies in R code
Result: NOTE Namespace in Imports field not imported from: ‘tsibble’ All declared Imports should be used. Flavors: r-devel-linux-x86_64-fedora-clang, r-devel-linux-x86_64-fedora-gcc

These binaries (installable software) and packages are in development.
They may not be fully stable and should be used with caution. We make no claims about them.