Last updated on 2025-02-16 10:51:02 CET.
Flavor | Version | Tinstall | Tcheck | Ttotal | Status | Flags |
---|---|---|---|---|---|---|
r-devel-linux-x86_64-debian-clang | 0.2.0 | 22.99 | 31.84 | 54.83 | OK | |
r-devel-linux-x86_64-debian-gcc | 0.2.0 | 18.38 | 24.82 | 43.20 | OK | |
r-devel-linux-x86_64-fedora-clang | 0.2.0 | 90.92 | OK | |||
r-devel-linux-x86_64-fedora-gcc | 0.2.0 | 88.08 | OK | |||
r-devel-macos-arm64 | 0.2.0 | 38.00 | OK | |||
r-devel-macos-x86_64 | 0.2.0 | 65.00 | OK | |||
r-devel-windows-x86_64 | 0.2.0 | 22.00 | 66.00 | 88.00 | OK | |
r-patched-linux-x86_64 | 0.2.0 | 23.69 | 31.08 | 54.77 | OK | |
r-release-linux-x86_64 | 0.2.0 | 23.66 | 31.36 | 55.02 | OK | |
r-release-macos-arm64 | 0.2.0 | 38.00 | NOTE | |||
r-release-macos-x86_64 | 0.2.0 | 50.00 | NOTE | |||
r-release-windows-x86_64 | 0.2.0 | 23.00 | 74.00 | 97.00 | NOTE | |
r-oldrel-macos-arm64 | 0.2.0 | 40.00 | NOTE | |||
r-oldrel-macos-x86_64 | 0.2.0 | 101.00 | NOTE | |||
r-oldrel-windows-x86_64 | 0.2.0 | 26.00 | 67.00 | 93.00 | NOTE |
Version: 0.2.0
Check: installed package size
Result: NOTE
installed size is 7.3Mb
sub-directories of 1Mb or more:
data 7.1Mb
Flavors: r-release-macos-arm64, r-release-macos-x86_64, r-release-windows-x86_64, r-oldrel-macos-arm64, r-oldrel-macos-x86_64, r-oldrel-windows-x86_64
These binaries (installable software) and packages are in development.
They may not be fully stable and should be used with caution. We make no claims about them.