Last updated on 2024-07-27 15:50:37 CEST.
Flavor | Version | Tinstall | Tcheck | Ttotal | Status | Flags |
---|---|---|---|---|---|---|
r-devel-linux-x86_64-debian-clang | 0.2.0 | 23.85 | 41.57 | 65.42 | OK | |
r-devel-linux-x86_64-debian-gcc | 0.2.0 | OK | ||||
r-devel-linux-x86_64-fedora-clang | 0.2.0 | 90.87 | NOTE | |||
r-devel-linux-x86_64-fedora-gcc | 0.2.0 | 90.71 | NOTE | |||
r-devel-windows-x86_64 | 0.2.0 | 22.00 | 65.00 | 87.00 | NOTE | |
r-patched-linux-x86_64 | 0.2.0 | OK | ||||
r-release-linux-x86_64 | 0.2.0 | 22.58 | 40.37 | 62.95 | OK | |
r-release-macos-arm64 | 0.2.0 | 38.00 | NOTE | |||
r-release-macos-x86_64 | 0.2.0 | 50.00 | NOTE | |||
r-release-windows-x86_64 | 0.2.0 | 24.00 | 67.00 | 91.00 | NOTE | |
r-oldrel-macos-arm64 | 0.2.0 | 40.00 | NOTE | |||
r-oldrel-macos-x86_64 | 0.2.0 | 101.00 | NOTE | |||
r-oldrel-windows-x86_64 | 0.2.0 | 23.00 | 67.00 | 90.00 | NOTE |
Version: 0.2.0
Check: installed package size
Result: NOTE
installed size is 7.0Mb
sub-directories of 1Mb or more:
data 6.9Mb
Flavors: r-devel-linux-x86_64-fedora-clang, r-devel-windows-x86_64, r-release-macos-arm64, r-release-macos-x86_64, r-release-windows-x86_64, r-oldrel-macos-arm64, r-oldrel-macos-x86_64, r-oldrel-windows-x86_64
Version: 0.2.0
Check: data for non-ASCII characters
Result: NOTE
Note: found 50 marked UTF-8 strings
Flavors: r-devel-linux-x86_64-fedora-clang, r-devel-linux-x86_64-fedora-gcc
These binaries (installable software) and packages are in development.
They may not be fully stable and should be used with caution. We make no claims about them.