Last updated on 2025-11-11 15:50:51 CET.
| Flavor | Version | Tinstall | Tcheck | Ttotal | Status | Flags |
|---|---|---|---|---|---|---|
| r-devel-linux-x86_64-debian-clang | 0.2.0 | 23.00 | 36.30 | 59.30 | OK | |
| r-devel-linux-x86_64-debian-gcc | 0.2.0 | 18.20 | 27.80 | 46.00 | OK | |
| r-devel-linux-x86_64-fedora-clang | 0.2.0 | 46.00 | 42.85 | 88.85 | OK | |
| r-devel-linux-x86_64-fedora-gcc | 0.2.0 | 48.00 | 44.33 | 92.33 | OK | |
| r-devel-windows-x86_64 | 0.2.0 | 23.00 | 65.00 | 88.00 | OK | |
| r-patched-linux-x86_64 | 0.2.0 | 22.99 | 33.65 | 56.64 | OK | |
| r-release-linux-x86_64 | 0.2.0 | 22.13 | 34.37 | 56.50 | OK | |
| r-release-macos-arm64 | 0.2.0 | 16.00 | 23.00 | 39.00 | OK | |
| r-release-macos-x86_64 | 0.2.0 | 28.00 | 40.00 | 68.00 | OK | |
| r-release-windows-x86_64 | 0.2.0 | 23.00 | 64.00 | 87.00 | OK | |
| r-oldrel-macos-arm64 | 0.2.0 | 15.00 | 23.00 | 38.00 | NOTE | |
| r-oldrel-macos-x86_64 | 0.2.0 | 18.00 | 32.00 | 50.00 | NOTE | |
| r-oldrel-windows-x86_64 | 0.2.0 | 23.00 | 69.00 | 92.00 | NOTE |
Version: 0.2.0
Check: installed package size
Result: NOTE
installed size is 7.3Mb
sub-directories of 1Mb or more:
data 7.1Mb
Flavors: r-oldrel-macos-arm64, r-oldrel-macos-x86_64, r-oldrel-windows-x86_64
These binaries (installable software) and packages are in development.
They may not be fully stable and should be used with caution. We make no claims about them.