CRAN Package Check Results for Package Ultimixt

Last updated on 2025-10-03 03:51:03 CEST.

Flavor Version Tinstall Tcheck Ttotal Status Flags
r-devel-linux-x86_64-debian-clang 2.1 5.67 37.33 43.00 NOTE
r-devel-linux-x86_64-debian-gcc 2.1 3.43 26.21 29.64 NOTE
r-devel-linux-x86_64-fedora-clang 2.1 66.57 OK
r-devel-linux-x86_64-fedora-gcc 2.1 61.21 OK
r-devel-windows-x86_64 2.1 6.00 50.00 56.00 OK
r-patched-linux-x86_64 2.1 6.34 34.64 40.98 OK
r-release-linux-x86_64 2.1 5.23 34.95 40.18 OK
r-release-macos-arm64 2.1 21.00 OK
r-release-macos-x86_64 2.1 38.00 OK
r-release-windows-x86_64 2.1 6.00 51.00 57.00 OK
r-oldrel-macos-arm64 2.1 20.00 OK
r-oldrel-macos-x86_64 2.1 30.00 OK
r-oldrel-windows-x86_64 2.1 9.00 61.00 70.00 OK

Check Details

Version: 2.1
Check: CRAN incoming feasibility
Result: NOTE Maintainer: ‘Kaniav Kamary <kamary@ceremade.dauphine.fr>’ No Authors@R field in DESCRIPTION. Please add one, modifying Authors@R: c(person(given = "Kaniav", family = "Kamary", role = c("aut", "cre"), email = "kamary@ceremade.dauphine.fr"), person(given = "Kate", family = "Lee", role = "aut")) as necessary. Flavors: r-devel-linux-x86_64-debian-clang, r-devel-linux-x86_64-debian-gcc

These binaries (installable software) and packages are in development.
They may not be fully stable and should be used with caution. We make no claims about them.