Last updated on 2025-07-01 15:50:05 CEST.
Flavor | Version | Tinstall | Tcheck | Ttotal | Status | Flags |
---|---|---|---|---|---|---|
r-devel-linux-x86_64-debian-clang | 2.1 | 6.05 | 35.31 | 41.36 | NOTE | |
r-devel-linux-x86_64-debian-gcc | 2.1 | 4.26 | 25.50 | 29.76 | NOTE | |
r-devel-linux-x86_64-fedora-clang | 2.1 | 68.07 | OK | |||
r-devel-linux-x86_64-fedora-gcc | 2.1 | 62.23 | OK | |||
r-devel-windows-x86_64 | 2.1 | 6.00 | 52.00 | 58.00 | OK | |
r-patched-linux-x86_64 | OK | |||||
r-release-linux-x86_64 | 2.1 | 6.25 | 33.20 | 39.45 | OK | |
r-release-macos-arm64 | 2.1 | 21.00 | OK | |||
r-release-macos-x86_64 | 2.1 | 38.00 | OK | |||
r-release-windows-x86_64 | 2.1 | 7.00 | 52.00 | 59.00 | OK | |
r-oldrel-macos-arm64 | 2.1 | 20.00 | OK | |||
r-oldrel-macos-x86_64 | 2.1 | 30.00 | OK | |||
r-oldrel-windows-x86_64 | 2.1 | 8.00 | 60.00 | 68.00 | OK |
Version: 2.1
Check: CRAN incoming feasibility
Result: NOTE
Maintainer: ‘Kaniav Kamary <kamary@ceremade.dauphine.fr>’
No Authors@R field in DESCRIPTION.
Please add one, modifying
Authors@R: c(person(given = "Kaniav",
family = "Kamary",
role = c("aut", "cre"),
email = "kamary@ceremade.dauphine.fr"),
person(given = "Kate",
family = "Lee",
role = "aut"))
as necessary.
Flavors: r-devel-linux-x86_64-debian-clang, r-devel-linux-x86_64-debian-gcc
These binaries (installable software) and packages are in development.
They may not be fully stable and should be used with caution. We make no claims about them.