CRAN Package Check Results for Package Umatrix

Last updated on 2025-05-01 08:52:49 CEST.

Flavor Version Tinstall Tcheck Ttotal Status Flags
r-devel-linux-x86_64-debian-clang 4.0.1 38.00 113.59 151.59 NOTE
r-devel-linux-x86_64-debian-gcc 4.0.1 26.55 82.18 108.73 OK
r-devel-linux-x86_64-fedora-clang 4.0.1 259.35 OK
r-devel-linux-x86_64-fedora-gcc 4.0.1 238.91 OK
r-devel-windows-x86_64 4.0.1 43.00 128.00 171.00 OK
r-patched-linux-x86_64 4.0.1 36.76 108.01 144.77 OK
r-release-linux-x86_64 OK
r-release-macos-arm64 4.0.1 61.00 OK
r-release-macos-x86_64 4.0.1 110.00 OK
r-release-windows-x86_64 4.0.1 44.00 206.00 250.00 OK
r-oldrel-macos-arm64 4.0.1 62.00 OK
r-oldrel-macos-x86_64 4.0.1 158.00 OK
r-oldrel-windows-x86_64 4.0.1 56.00 170.00 226.00 OK

Check Details

Version: 4.0.1
Check: examples
Result: NOTE Examples with CPU (user + system) or elapsed time > 5s user system elapsed umatrixForEsom 4.973 0.051 5.414 ustarmatrixCalc 4.890 0.083 5.374 pmatrixForEsom 4.789 0.055 5.770 plotMatrix 4.434 0.061 5.457 Flavor: r-devel-linux-x86_64-debian-clang

These binaries (installable software) and packages are in development.
They may not be fully stable and should be used with caution. We make no claims about them.