Last updated on 2025-02-16 10:51:02 CET.
Flavor | Version | Tinstall | Tcheck | Ttotal | Status | Flags |
---|---|---|---|---|---|---|
r-devel-linux-x86_64-debian-clang | 1.0.0 | 22.27 | 178.75 | 201.02 | OK | |
r-devel-linux-x86_64-debian-gcc | 1.0.0 | 15.44 | 129.62 | 145.06 | OK | |
r-devel-linux-x86_64-fedora-clang | 1.0.0 | 332.09 | OK | |||
r-devel-linux-x86_64-fedora-gcc | 1.0.0 | 302.47 | OK | |||
r-devel-macos-arm64 | 1.0.0 | 82.00 | OK | |||
r-devel-macos-x86_64 | 1.0.0 | 148.00 | OK | |||
r-devel-windows-x86_64 | 1.0.0 | 24.00 | 171.00 | 195.00 | OK | |
r-patched-linux-x86_64 | 1.0.0 | 21.97 | 166.01 | 187.98 | OK | |
r-release-linux-x86_64 | 1.0.0 | 21.68 | 166.08 | 187.76 | OK | |
r-release-macos-arm64 | 1.0.0 | 92.00 | NOTE | |||
r-release-macos-x86_64 | 1.0.0 | 127.00 | NOTE | |||
r-release-windows-x86_64 | 1.0.0 | 22.00 | 172.00 | 194.00 | NOTE | |
r-oldrel-macos-arm64 | 1.0.0 | 102.00 | NOTE | |||
r-oldrel-macos-x86_64 | 1.0.0 | 236.00 | NOTE | |||
r-oldrel-windows-x86_64 | 1.0.0 | 30.00 | 225.00 | 255.00 | NOTE |
Version: 1.0.0
Check: installed package size
Result: NOTE
installed size is 5.4Mb
sub-directories of 1Mb or more:
R 1.8Mb
help 2.6Mb
Flavors: r-release-macos-arm64, r-release-macos-x86_64, r-release-windows-x86_64, r-oldrel-macos-arm64, r-oldrel-macos-x86_64, r-oldrel-windows-x86_64
These binaries (installable software) and packages are in development.
They may not be fully stable and should be used with caution. We make no claims about them.