Last updated on 2024-07-27 15:50:36 CEST.
Flavor | Version | Tinstall | Tcheck | Ttotal | Status | Flags |
---|---|---|---|---|---|---|
r-devel-linux-x86_64-debian-clang | 0.0-0 | 19.87 | 28.81 | 48.68 | NOTE | |
r-devel-linux-x86_64-debian-gcc | 0.0-0 | NOTE | ||||
r-devel-linux-x86_64-fedora-clang | 0.0-0 | 76.19 | NOTE | |||
r-devel-linux-x86_64-fedora-gcc | 0.0-0 | 70.85 | NOTE | |||
r-devel-windows-x86_64 | 0.0-0 | 16.00 | 60.00 | 76.00 | NOTE | |
r-patched-linux-x86_64 | 0.0-0 | NOTE | ||||
r-release-linux-x86_64 | 0.0-0 | 16.55 | 27.53 | 44.08 | NOTE | |
r-release-macos-arm64 | 0.0-0 | 22.00 | NOTE | |||
r-release-macos-x86_64 | 0.0-0 | 34.00 | NOTE | |||
r-release-windows-x86_64 | 0.0-0 | 21.00 | 58.00 | 79.00 | NOTE | |
r-oldrel-macos-arm64 | 0.0-0 | 25.00 | OK | |||
r-oldrel-macos-x86_64 | 0.0-0 | 36.00 | OK | |||
r-oldrel-windows-x86_64 | 0.0-0 | 19.00 | 67.00 | 86.00 | OK |
Version: 0.0-0
Check: Rd files
Result: NOTE
checkRd: (-1) reg_1d.Rd:42: Lost braces; missing escapes or markup?
42 | \item Metric input is not in {1,2,3}: Metric does not exist
| ^
checkRd: (-1) reg_2d.Rd:33: Lost braces; missing escapes or markup?
33 | \item Metric input is not in {1,2,3}: Metric does not exist
| ^
Flavors: r-devel-linux-x86_64-debian-clang, r-devel-linux-x86_64-debian-gcc, r-devel-linux-x86_64-fedora-clang, r-devel-linux-x86_64-fedora-gcc, r-devel-windows-x86_64, r-patched-linux-x86_64, r-release-linux-x86_64, r-release-macos-arm64, r-release-macos-x86_64, r-release-windows-x86_64
These binaries (installable software) and packages are in development.
They may not be fully stable and should be used with caution. We make no claims about them.