CRAN Package Check Results for Package UnitCircle

Last updated on 2025-07-01 21:52:15 CEST.

Flavor Version Tinstall Tcheck Ttotal Status Flags
r-devel-linux-x86_64-debian-clang 0.1.3 1.59 16.20 17.79 NOTE
r-devel-linux-x86_64-debian-gcc 0.1.3 1.29 14.01 15.30 NOTE
r-devel-linux-x86_64-fedora-clang 0.1.3 28.01 OK
r-devel-linux-x86_64-fedora-gcc 0.1.3 25.83 OK
r-devel-windows-x86_64 0.1.3 3.00 35.00 38.00 OK
r-patched-linux-x86_64 OK
r-release-linux-x86_64 0.1.3 1.31 15.37 16.68 OK
r-release-macos-arm64 0.1.3 13.00 OK
r-release-macos-x86_64 0.1.3 23.00 OK
r-release-windows-x86_64 0.1.3 2.00 37.00 39.00 OK
r-oldrel-macos-arm64 0.1.3 12.00 OK
r-oldrel-macos-x86_64 0.1.3 18.00 OK
r-oldrel-windows-x86_64 0.1.3 2.00 34.00 36.00 OK

Check Details

Version: 0.1.3
Check: CRAN incoming feasibility
Result: NOTE Maintainer: ‘Jonathan Berrisch <Jonathan@Berrisch.biz>’ No Authors@R field in DESCRIPTION. Please add one, modifying Authors@R: person(given = "Jonathan", family = "Berrisch", role = c("aut", "cre"), email = "jonathan@berrisch.biz") as necessary. Flavors: r-devel-linux-x86_64-debian-clang, r-devel-linux-x86_64-debian-gcc

These binaries (installable software) and packages are in development.
They may not be fully stable and should be used with caution. We make no claims about them.