CRAN Package Check Results for Package UnitCircle

Last updated on 2025-05-08 04:52:22 CEST.

Flavor Version Tinstall Tcheck Ttotal Status Flags
r-devel-linux-x86_64-debian-clang 0.1.3 1.60 16.11 17.71 NOTE
r-devel-linux-x86_64-debian-gcc 0.1.3 1.30 13.25 14.55 NOTE
r-devel-linux-x86_64-fedora-clang 0.1.3 27.46 OK
r-devel-linux-x86_64-fedora-gcc 0.1.3 26.67 OK
r-devel-windows-x86_64 0.1.3 2.00 33.00 35.00 OK
r-patched-linux-x86_64 0.1.3 1.43 15.18 16.61 OK
r-release-linux-x86_64 0.1.3 1.61 15.45 17.06 OK
r-release-macos-arm64 0.1.3 13.00 OK
r-release-macos-x86_64 0.1.3 23.00 OK
r-release-windows-x86_64 0.1.3 2.00 37.00 39.00 OK
r-oldrel-macos-arm64 0.1.3 12.00 OK
r-oldrel-macos-x86_64 0.1.3 18.00 OK
r-oldrel-windows-x86_64 0.1.3 2.00 34.00 36.00 OK

Check Details

Version: 0.1.3
Check: CRAN incoming feasibility
Result: NOTE Maintainer: ‘Jonathan Berrisch <Jonathan@Berrisch.biz>’ No Authors@R field in DESCRIPTION. Please add one, modifying Authors@R: person(given = "Jonathan", family = "Berrisch", role = c("aut", "cre"), email = "jonathan@berrisch.biz") as necessary. Flavors: r-devel-linux-x86_64-debian-clang, r-devel-linux-x86_64-debian-gcc

These binaries (installable software) and packages are in development.
They may not be fully stable and should be used with caution. We make no claims about them.