Last updated on 2025-05-01 08:52:49 CEST.
Flavor | Version | Tinstall | Tcheck | Ttotal | Status | Flags |
---|---|---|---|---|---|---|
r-devel-linux-x86_64-debian-clang | 1.2.1 | 20.04 | 114.61 | 134.65 | NOTE | |
r-devel-linux-x86_64-debian-gcc | 1.2.1 | 13.23 | 86.86 | 100.09 | NOTE | |
r-devel-linux-x86_64-fedora-clang | 1.2.1 | 208.36 | OK | |||
r-devel-linux-x86_64-fedora-gcc | 1.2.1 | 196.88 | OK | |||
r-devel-windows-x86_64 | 1.2.1 | 19.00 | 116.00 | 135.00 | NOTE | |
r-patched-linux-x86_64 | 1.2.1 | 19.48 | 107.01 | 126.49 | NOTE | |
r-release-linux-x86_64 | NOTE | |||||
r-release-macos-arm64 | 1.2.1 | 55.00 | OK | |||
r-release-macos-x86_64 | 1.2.1 | 125.00 | OK | |||
r-release-windows-x86_64 | 1.2.1 | 20.00 | 117.00 | 137.00 | NOTE | |
r-oldrel-macos-arm64 | 1.2.1 | 51.00 | OK | |||
r-oldrel-macos-x86_64 | 1.2.1 | 81.00 | OK | |||
r-oldrel-windows-x86_64 | 1.2.1 | 26.00 | 146.00 | 172.00 | OK |
Version: 1.2.1
Check: Rd cross-references
Result: NOTE
Found the following Rd file(s) with Rd \link{} targets missing package
anchors:
UpDown.Rd: normalmixEM, mclust
UpDownApp.Rd: shiny, ggplot2
Please provide package anchors for all Rd \link{} targets not in the
package itself and the base packages.
Flavors: r-devel-linux-x86_64-debian-clang, r-devel-linux-x86_64-debian-gcc, r-devel-windows-x86_64, r-patched-linux-x86_64, r-release-linux-x86_64, r-release-windows-x86_64
These binaries (installable software) and packages are in development.
They may not be fully stable and should be used with caution. We make no claims about them.