CRAN Package Check Results for Package UpDown

Last updated on 2025-07-26 07:50:37 CEST.

Flavor Version Tinstall Tcheck Ttotal Status Flags
r-devel-linux-x86_64-debian-clang 1.2.1 20.77 115.28 136.05 NOTE
r-devel-linux-x86_64-debian-gcc 1.2.1 15.46 86.17 101.63 NOTE
r-devel-linux-x86_64-fedora-clang 1.2.1 216.42 OK
r-devel-linux-x86_64-fedora-gcc 1.2.1 198.45 OK
r-devel-windows-x86_64 1.2.1 20.00 119.00 139.00 NOTE
r-patched-linux-x86_64 1.2.1 19.42 109.04 128.46 NOTE
r-release-linux-x86_64 1.2.1 17.99 107.80 125.79 NOTE
r-release-macos-arm64 1.2.1 55.00 OK
r-release-macos-x86_64 1.2.1 125.00 OK
r-release-windows-x86_64 1.2.1 19.00 111.00 130.00 NOTE
r-oldrel-macos-arm64 1.2.1 51.00 OK
r-oldrel-macos-x86_64 1.2.1 81.00 OK
r-oldrel-windows-x86_64 1.2.1 28.00 142.00 170.00 OK

Check Details

Version: 1.2.1
Check: Rd cross-references
Result: NOTE Found the following Rd file(s) with Rd \link{} targets missing package anchors: UpDown.Rd: normalmixEM, mclust UpDownApp.Rd: shiny, ggplot2 Please provide package anchors for all Rd \link{} targets not in the package itself and the base packages. Flavors: r-devel-linux-x86_64-debian-clang, r-devel-linux-x86_64-debian-gcc, r-devel-windows-x86_64, r-patched-linux-x86_64, r-release-linux-x86_64, r-release-windows-x86_64

These binaries (installable software) and packages are in development.
They may not be fully stable and should be used with caution. We make no claims about them.