CRAN Package Check Results for Package UpSetR

Last updated on 2025-07-02 01:51:55 CEST.

Flavor Version Tinstall Tcheck Ttotal Status Flags
r-devel-linux-x86_64-debian-clang 1.4.0 7.79 66.24 74.03 OK
r-devel-linux-x86_64-debian-gcc 1.4.0 5.40 46.22 51.62 OK
r-devel-linux-x86_64-fedora-clang 1.4.0 118.41 OK
r-devel-linux-x86_64-fedora-gcc 1.4.0 235.52 OK
r-devel-windows-x86_64 1.4.0 10.00 77.00 87.00 OK
r-patched-linux-x86_64 OK
r-release-linux-x86_64 1.4.0 7.45 60.36 67.81 OK
r-release-macos-arm64 1.4.0 83.00 OK
r-release-macos-x86_64 1.4.0 133.00 OK
r-release-windows-x86_64 1.4.0 10.00 73.00 83.00 OK
r-oldrel-macos-arm64 1.4.0 64.00 NOTE
r-oldrel-macos-x86_64 1.4.0 95.00 NOTE
r-oldrel-windows-x86_64 1.4.0 12.00 91.00 103.00 NOTE

Check Details

Version: 1.4.0
Check: installed package size
Result: NOTE installed size is 8.1Mb sub-directories of 1Mb or more: doc 7.6Mb Flavors: r-oldrel-macos-arm64, r-oldrel-macos-x86_64, r-oldrel-windows-x86_64

Version: 1.4.0
Check: LazyData
Result: NOTE 'LazyData' is specified without a 'data' directory Flavors: r-oldrel-macos-arm64, r-oldrel-macos-x86_64, r-oldrel-windows-x86_64

These binaries (installable software) and packages are in development.
They may not be fully stable and should be used with caution. We make no claims about them.