Last updated on 2025-02-16 10:51:02 CET.
Flavor | Version | Tinstall | Tcheck | Ttotal | Status | Flags |
---|---|---|---|---|---|---|
r-devel-linux-x86_64-debian-clang | 2.0-7 | 9.98 | 66.84 | 76.82 | NOTE | |
r-devel-linux-x86_64-debian-gcc | 2.0-7 | 7.40 | 49.71 | 57.11 | NOTE | |
r-devel-linux-x86_64-fedora-clang | 2.0-7 | 129.22 | NOTE | |||
r-devel-linux-x86_64-fedora-gcc | 2.0-7 | 116.35 | NOTE | |||
r-devel-macos-arm64 | 2.0-7 | 38.00 | NOTE | |||
r-devel-macos-x86_64 | 2.0-7 | 65.00 | NOTE | |||
r-devel-windows-x86_64 | 2.0-7 | 12.00 | 125.00 | 137.00 | NOTE | |
r-patched-linux-x86_64 | 2.0-7 | 11.46 | 63.27 | 74.73 | NOTE | |
r-release-linux-x86_64 | 2.0-7 | 7.90 | 62.04 | 69.94 | NOTE | |
r-release-macos-arm64 | 2.0-7 | 37.00 | NOTE | |||
r-release-macos-x86_64 | 2.0-7 | 56.00 | NOTE | |||
r-release-windows-x86_64 | 2.0-7 | 14.00 | 114.00 | 128.00 | NOTE | |
r-oldrel-macos-arm64 | 2.0-7 | 42.00 | NOTE | |||
r-oldrel-macos-x86_64 | 2.0-7 | 56.00 | NOTE | |||
r-oldrel-windows-x86_64 | 2.0-7 | 16.00 | 161.00 | 177.00 | NOTE |
Version: 2.0-7
Check: Rd files
Result: NOTE
checkRd: (-1) aosat.Rd:20: Escaped LaTeX specials: \_ \_ \_
checkRd: (-1) aosat.Rd:21: Escaped LaTeX specials: \_
checkRd: (-1) arctic.oscillations.Rd:19: Escaped LaTeX specials: \_ \_ \_
checkRd: (-1) arctic.oscillations.Rd:20: Escaped LaTeX specials: \_
checkRd: (-1) babies.Rd:28: Escaped LaTeX specials: \&
checkRd: (-1) babies.Rd:41: Escaped LaTeX specials: \$
checkRd: (-1) cabinet.Rd:25: Escaped LaTeX specials: \$
checkRd: (-1) cabinet.Rd:43: Escaped LaTeX specials: \$
checkRd: (-1) cabinet.Rd:48: Escaped LaTeX specials: \$
checkRd: (-1) exec.pay.Rd:5: Escaped LaTeX specials: \$
checkRd: (-1) sp500.excess.Rd:4: Escaped LaTeX specials: \&
checkRd: (-1) sp500.excess.Rd:6: Escaped LaTeX specials: \&
Flavors: r-devel-linux-x86_64-debian-clang, r-devel-linux-x86_64-debian-gcc, r-devel-linux-x86_64-fedora-clang, r-devel-linux-x86_64-fedora-gcc, r-devel-macos-arm64, r-devel-macos-x86_64, r-devel-windows-x86_64, r-patched-linux-x86_64, r-release-linux-x86_64, r-release-macos-arm64, r-release-macos-x86_64, r-release-windows-x86_64, r-oldrel-macos-arm64, r-oldrel-macos-x86_64, r-oldrel-windows-x86_64
These binaries (installable software) and packages are in development.
They may not be fully stable and should be used with caution. We make no claims about them.