Last updated on 2025-11-11 17:50:17 CET.
| Flavor | Version | Tinstall | Tcheck | Ttotal | Status | Flags |
|---|---|---|---|---|---|---|
| r-devel-linux-x86_64-debian-clang | 8.0.1 | 19.08 | 39.14 | 58.22 | OK | |
| r-devel-linux-x86_64-debian-gcc | 8.0.1 | 15.51 | 32.54 | 48.05 | OK | |
| r-devel-linux-x86_64-fedora-clang | 8.0.1 | 78.00 | 57.99 | 135.99 | OK | |
| r-devel-linux-x86_64-fedora-gcc | 8.0.1 | 54.00 | 63.82 | 117.82 | OK | |
| r-devel-windows-x86_64 | 8.0.1 | 53.00 | 121.00 | 174.00 | OK | |
| r-patched-linux-x86_64 | 8.0.1 | 20.34 | 37.85 | 58.19 | OK | |
| r-release-linux-x86_64 | 8.0.1 | 19.49 | 37.71 | 57.20 | OK | |
| r-release-macos-arm64 | 8.0.1 | 32.00 | 112.00 | 144.00 | OK | |
| r-release-macos-x86_64 | 8.0.1 | 27.00 | 128.00 | 155.00 | OK | |
| r-release-windows-x86_64 | 8.0.1 | 52.00 | 112.00 | 164.00 | OK | |
| r-oldrel-macos-arm64 | 8.0.1 | 18.00 | 106.00 | 124.00 | NOTE | |
| r-oldrel-macos-x86_64 | 8.0.1 | 29.00 | 120.00 | 149.00 | NOTE | |
| r-oldrel-windows-x86_64 | 8.0.1 | 76.00 | 149.00 | 225.00 | NOTE |
Version: 8.0.1
Check: installed package size
Result: NOTE
installed size is 53.6Mb
sub-directories of 1Mb or more:
doc 1.8Mb
libs 51.6Mb
Flavors: r-oldrel-macos-arm64, r-oldrel-macos-x86_64, r-oldrel-windows-x86_64
These binaries (installable software) and packages are in development.
They may not be fully stable and should be used with caution. We make no claims about them.