CRAN Package Check Results for Package V8

Last updated on 2025-05-08 04:52:22 CEST.

Flavor Version Tinstall Tcheck Ttotal Status Flags
r-devel-linux-x86_64-debian-clang 6.0.3 19.88 37.92 57.80 OK
r-devel-linux-x86_64-debian-gcc 6.0.3 16.36 30.89 47.25 OK
r-devel-linux-x86_64-fedora-clang 6.0.3 131.37 OK
r-devel-linux-x86_64-fedora-gcc 6.0.3 121.37 OK
r-devel-windows-x86_64 6.0.3 48.00 128.00 176.00 OK
r-patched-linux-x86_64 6.0.3 22.42 36.75 59.17 OK
r-release-linux-x86_64 6.0.3 20.37 36.57 56.94 OK
r-release-macos-arm64 6.0.3 59.00 OK
r-release-macos-x86_64 6.0.3 83.00 OK
r-release-windows-x86_64 6.0.3 60.00 115.00 175.00 OK
r-oldrel-macos-arm64 6.0.3 89.00 NOTE
r-oldrel-macos-x86_64 6.0.3 144.00 NOTE
r-oldrel-windows-x86_64 6.0.3 69.00 152.00 221.00 NOTE

Check Details

Version: 6.0.3
Check: installed package size
Result: NOTE installed size is 49.7Mb sub-directories of 1Mb or more: doc 1.8Mb libs 47.7Mb Flavors: r-oldrel-macos-arm64, r-oldrel-macos-x86_64, r-oldrel-windows-x86_64

These binaries (installable software) and packages are in development.
They may not be fully stable and should be used with caution. We make no claims about them.