Last updated on 2025-10-03 13:49:52 CEST.
Flavor | Version | Tinstall | Tcheck | Ttotal | Status | Flags |
---|---|---|---|---|---|---|
r-devel-linux-x86_64-debian-clang | 8.0.0 | 19.68 | 38.91 | 58.59 | OK | |
r-devel-linux-x86_64-debian-gcc | 8.0.0 | 16.00 | 31.64 | 47.64 | OK | |
r-devel-linux-x86_64-fedora-clang | 8.0.0 | 137.21 | OK | |||
r-devel-linux-x86_64-fedora-gcc | 8.0.0 | 118.41 | OK | |||
r-devel-windows-x86_64 | 8.0.0 | 59.00 | 129.00 | 188.00 | OK | |
r-patched-linux-x86_64 | 8.0.0 | 19.62 | 38.06 | 57.68 | OK | |
r-release-linux-x86_64 | 7.0.0 | 19.88 | 38.04 | 57.92 | OK | |
r-release-macos-arm64 | 8.0.0 | 217.00 | OK | |||
r-release-macos-x86_64 | 8.0.0 | 183.00 | OK | |||
r-release-windows-x86_64 | 8.0.0 | 62.00 | 308.00 | 370.00 | OK | |
r-oldrel-macos-arm64 | 7.0.0 | 119.00 | NOTE | |||
r-oldrel-macos-x86_64 | 8.0.0 | 170.00 | NOTE | |||
r-oldrel-windows-x86_64 | 8.0.0 | 73.00 | 152.00 | 225.00 | NOTE |
Version: 7.0.0
Check: installed package size
Result: NOTE
installed size is 53.6Mb
sub-directories of 1Mb or more:
doc 1.8Mb
libs 51.6Mb
Flavor: r-oldrel-macos-arm64
Version: 8.0.0
Check: installed package size
Result: NOTE
installed size is 39.3Mb
sub-directories of 1Mb or more:
doc 1.8Mb
libs 37.3Mb
Flavors: r-oldrel-macos-x86_64, r-oldrel-windows-x86_64
These binaries (installable software) and packages are in development.
They may not be fully stable and should be used with caution. We make no claims about them.