Last updated on 2025-02-21 15:52:19 CET.
Flavor | Version | Tinstall | Tcheck | Ttotal | Status | Flags |
---|---|---|---|---|---|---|
r-devel-linux-x86_64-debian-clang | 0.1.1 | 223.26 | 121.18 | 344.44 | OK | |
r-devel-linux-x86_64-debian-gcc | 0.1.1 | 184.51 | 85.74 | 270.25 | OK | |
r-devel-linux-x86_64-fedora-clang | 0.1.1 | 649.30 | OK | |||
r-devel-linux-x86_64-fedora-gcc | 0.1.1 | 716.42 | OK | |||
r-devel-macos-arm64 | 0.1.1 | 150.00 | OK | |||
r-devel-macos-x86_64 | 0.1.1 | 198.00 | OK | |||
r-devel-windows-x86_64 | 0.1.1 | 241.00 | 146.00 | 387.00 | OK | |
r-patched-linux-x86_64 | 0.1.1 | 246.79 | 135.94 | 382.73 | OK | |
r-release-linux-x86_64 | 0.1.1 | 245.67 | 127.52 | 373.19 | OK | |
r-release-macos-arm64 | 0.1.1 | 142.00 | NOTE | |||
r-release-macos-x86_64 | 0.1.1 | 160.00 | NOTE | |||
r-release-windows-x86_64 | 0.1.1 | 243.00 | 140.00 | 383.00 | OK | |
r-oldrel-macos-arm64 | 0.1.1 | 145.00 | NOTE | |||
r-oldrel-macos-x86_64 | 0.1.1 | 231.00 | NOTE | |||
r-oldrel-windows-x86_64 | 0.1.1 | 300.00 | 177.00 | 477.00 | OK |
Version: 0.1.1
Check: installed package size
Result: NOTE
installed size is 24.7Mb
sub-directories of 1Mb or more:
doc 2.2Mb
libs 22.4Mb
Flavors: r-release-macos-arm64, r-release-macos-x86_64, r-oldrel-macos-arm64, r-oldrel-macos-x86_64
These binaries (installable software) and packages are in development.
They may not be fully stable and should be used with caution. We make no claims about them.